Last updated on 2024-08-16 03:49:22 CEST.
Flavor | Version | Tinstall | Tcheck | Ttotal | Status | Flags |
---|---|---|---|---|---|---|
r-devel-linux-x86_64-debian-clang | 0.14.3 | 105.71 | 450.12 | 555.83 | OK | |
r-devel-linux-x86_64-debian-gcc | 0.14.3 | 79.54 | 291.73 | 371.27 | OK | |
r-devel-linux-x86_64-fedora-clang | 0.14.3 | 803.12 | NOTE | |||
r-devel-linux-x86_64-fedora-gcc | 0.14.3 | 1018.64 | OK | |||
r-devel-windows-x86_64 | 0.14.3 | 115.00 | 324.00 | 439.00 | NOTE | |
r-patched-linux-x86_64 | 0.14.3 | 115.13 | 408.68 | 523.81 | OK | |
r-release-linux-x86_64 | 0.14.3 | 116.31 | 415.23 | 531.54 | OK | |
r-release-macos-arm64 | 0.14.3 | 224.00 | NOTE | |||
r-release-macos-x86_64 | 0.14.3 | 337.00 | NOTE | |||
r-release-windows-x86_64 | 0.14.3 | 116.00 | 316.00 | 432.00 | NOTE | |
r-oldrel-macos-arm64 | 0.14.3 | 224.00 | NOTE | |||
r-oldrel-macos-x86_64 | 0.14.3 | 371.00 | NOTE | |||
r-oldrel-windows-x86_64 | 0.14.3 | 143.00 | 393.00 | 536.00 | NOTE |
Version: 0.14.3
Check: installed package size
Result: NOTE
installed size is 13.7Mb
sub-directories of 1Mb or more:
doc 9.2Mb
help 1.8Mb
libs 1.4Mb
Flavors: r-devel-linux-x86_64-fedora-clang, r-devel-windows-x86_64, r-release-macos-arm64, r-release-macos-x86_64, r-release-windows-x86_64, r-oldrel-macos-arm64, r-oldrel-macos-x86_64, r-oldrel-windows-x86_64