Last updated on 2024-07-12 02:51:10 CEST.
Flavor | Version | Tinstall | Tcheck | Ttotal | Status | Flags |
---|---|---|---|---|---|---|
r-devel-linux-x86_64-debian-clang | 0.1.0 | 7.83 | 60.55 | 68.38 | OK | |
r-devel-linux-x86_64-debian-gcc | 0.1.0 | 5.99 | 45.81 | 51.80 | OK | |
r-devel-linux-x86_64-fedora-clang | 0.1.0 | 96.27 | NOTE | |||
r-devel-linux-x86_64-fedora-gcc | 0.1.0 | 86.36 | OK | |||
r-devel-windows-x86_64 | 0.1.0 | 8.00 | 65.00 | 73.00 | OK | |
r-patched-linux-x86_64 | 0.1.0 | 6.31 | 57.20 | 63.51 | OK | |
r-release-linux-x86_64 | 0.1.0 | 4.86 | 58.55 | 63.41 | OK | |
r-release-macos-arm64 | 0.1.0 | 28.00 | OK | |||
r-release-macos-x86_64 | 0.1.0 | 43.00 | OK | |||
r-release-windows-x86_64 | 0.1.0 | 8.00 | 67.00 | 75.00 | OK | |
r-oldrel-macos-arm64 | 0.1.0 | 29.00 | OK | |||
r-oldrel-macos-x86_64 | 0.1.0 | 39.00 | OK | |||
r-oldrel-windows-x86_64 | 0.1.0 | 10.00 | 74.00 | 84.00 | OK |
Version: 0.1.0
Check: Rd cross-references
Result: NOTE
Undeclared package ‘ks’ in Rd xrefs
Flavor: r-devel-linux-x86_64-fedora-clang