Last updated on 2024-07-12 02:51:10 CEST.
Flavor | Version | Tinstall | Tcheck | Ttotal | Status | Flags |
---|---|---|---|---|---|---|
r-devel-linux-x86_64-debian-clang | 0.2.0 | 6.27 | 70.83 | 77.10 | NOTE | |
r-devel-linux-x86_64-debian-gcc | 0.2.0 | 5.94 | 51.28 | 57.22 | NOTE | |
r-devel-linux-x86_64-fedora-clang | 0.2.0 | 102.91 | NOTE | |||
r-devel-linux-x86_64-fedora-gcc | 0.2.0 | 91.36 | NOTE | |||
r-devel-windows-x86_64 | 0.2.0 | 9.00 | 70.00 | 79.00 | NOTE | |
r-patched-linux-x86_64 | 0.2.0 | 6.70 | 65.23 | 71.93 | NOTE | |
r-release-linux-x86_64 | 0.2.0 | 6.50 | 64.64 | 71.14 | NOTE | |
r-release-macos-arm64 | 0.2.0 | 28.00 | NOTE | |||
r-release-macos-x86_64 | 0.2.0 | 45.00 | NOTE | |||
r-release-windows-x86_64 | 0.2.0 | 8.00 | 71.00 | 79.00 | NOTE | |
r-oldrel-macos-arm64 | 0.2.0 | 34.00 | NOTE | |||
r-oldrel-macos-x86_64 | 0.2.0 | 46.00 | NOTE | |||
r-oldrel-windows-x86_64 | 0.2.0 | 10.00 | 80.00 | 90.00 | NOTE |
Version: 0.2.0
Check: package dependencies
Result: NOTE
Packages suggested but not available for checking:
'nCDunnett', 'reliaR', 'STAR'
Flavors: r-devel-linux-x86_64-debian-clang, r-devel-linux-x86_64-debian-gcc, r-devel-linux-x86_64-fedora-clang, r-devel-linux-x86_64-fedora-gcc, r-patched-linux-x86_64, r-release-linux-x86_64, r-release-macos-arm64, r-release-macos-x86_64
Version: 0.2.0
Check: package dependencies
Result: NOTE
Packages suggested but not available for checking: 'reliaR', 'STAR'
Flavors: r-devel-windows-x86_64, r-release-windows-x86_64, r-oldrel-windows-x86_64
Version: 0.2.0
Check: package dependencies
Result: NOTE
Packages suggested but not available for checking:
'benchden', 'reliaR', 'STAR'
Flavors: r-oldrel-macos-arm64, r-oldrel-macos-x86_64