Last updated on 2024-08-16 15:49:31 CEST.
Flavor | Version | Tinstall | Tcheck | Ttotal | Status | Flags |
---|---|---|---|---|---|---|
r-devel-linux-x86_64-debian-clang | 0.3.0 | 6.86 | 72.86 | 79.72 | NOTE | |
r-devel-linux-x86_64-debian-gcc | 0.3.0 | 4.65 | 51.79 | 56.44 | NOTE | |
r-devel-linux-x86_64-fedora-clang | 0.3.0 | 128.60 | NOTE | |||
r-devel-linux-x86_64-fedora-gcc | 0.3.0 | 137.08 | NOTE | |||
r-devel-windows-x86_64 | 0.3.0 | 8.00 | 81.00 | 89.00 | NOTE | |
r-patched-linux-x86_64 | 0.3.0 | 5.93 | 68.87 | 74.80 | NOTE | |
r-release-linux-x86_64 | 0.3.0 | 6.58 | 68.47 | 75.05 | NOTE | |
r-release-macos-arm64 | 0.3.0 | 64.00 | NOTE | |||
r-release-macos-x86_64 | 0.3.0 | 146.00 | NOTE | |||
r-release-windows-x86_64 | 0.3.0 | 9.00 | 82.00 | 91.00 | NOTE | |
r-oldrel-macos-arm64 | 0.3.0 | 61.00 | NOTE | |||
r-oldrel-macos-x86_64 | 0.3.0 | 109.00 | NOTE | |||
r-oldrel-windows-x86_64 | 0.3.0 | 10.00 | 94.00 | 104.00 | NOTE |
Version: 0.3.0
Check: LazyData
Result: NOTE
'LazyData' is specified without a 'data' directory
Flavors: r-devel-linux-x86_64-debian-clang, r-devel-linux-x86_64-debian-gcc, r-devel-linux-x86_64-fedora-clang, r-devel-linux-x86_64-fedora-gcc, r-devel-windows-x86_64, r-patched-linux-x86_64, r-release-linux-x86_64, r-release-macos-arm64, r-release-macos-x86_64, r-release-windows-x86_64, r-oldrel-macos-arm64, r-oldrel-macos-x86_64, r-oldrel-windows-x86_64