Last updated on 2024-08-16 15:49:32 CEST.
Flavor | Version | Tinstall | Tcheck | Ttotal | Status | Flags |
---|---|---|---|---|---|---|
r-devel-linux-x86_64-debian-clang | 0.5.100 | 9.98 | 83.92 | 93.90 | NOTE | |
r-devel-linux-x86_64-debian-gcc | 0.5.100 | 6.09 | 58.88 | 64.97 | NOTE | |
r-devel-linux-x86_64-fedora-clang | 0.5.100 | 182.07 | NOTE | |||
r-devel-linux-x86_64-fedora-gcc | 0.5.100 | 172.45 | NOTE | |||
r-devel-windows-x86_64 | 0.5.100 | 10.00 | 93.00 | 103.00 | NOTE | |
r-patched-linux-x86_64 | 0.5.100 | 12.36 | 78.47 | 90.83 | NOTE | |
r-release-linux-x86_64 | 0.5.100 | 9.47 | 78.55 | 88.02 | NOTE | |
r-release-macos-arm64 | 0.5.100 | 43.00 | NOTE | |||
r-release-macos-x86_64 | 0.5.100 | 63.00 | NOTE | |||
r-release-windows-x86_64 | 0.5.100 | 11.00 | 94.00 | 105.00 | NOTE | |
r-oldrel-macos-arm64 | 0.5.100 | 46.00 | NOTE | |||
r-oldrel-macos-x86_64 | 0.5.100 | 79.00 | NOTE | |||
r-oldrel-windows-x86_64 | 0.5.100 | 13.00 | 114.00 | 127.00 | NOTE |
Version: 0.5.100
Check: package subdirectories
Result: NOTE
Problems with news in ‘NEWS.md’:
No news entries found.
Flavors: r-devel-linux-x86_64-debian-clang, r-devel-linux-x86_64-debian-gcc, r-devel-linux-x86_64-fedora-clang, r-devel-linux-x86_64-fedora-gcc, r-devel-windows-x86_64, r-patched-linux-x86_64, r-release-linux-x86_64, r-release-macos-arm64, r-release-macos-x86_64, r-release-windows-x86_64, r-oldrel-macos-arm64, r-oldrel-macos-x86_64, r-oldrel-windows-x86_64
Version: 0.5.100
Check: Rd cross-references
Result: NOTE
Found the following Rd file(s) with Rd \link{} targets missing package
anchors:
fr_emdII.Rd: mle2
fr_flexp.Rd: mle2
fr_flexpnr.Rd: mle2
fr_hassIII.Rd: mle2
fr_hassIIInr.Rd: mle2
fr_hollingsII.Rd: mle2
fr_rogersII.Rd: mle2
fr_typeI.Rd: mle2
Please provide package anchors for all Rd \link{} targets not in the
package itself and the base packages.
Flavors: r-devel-linux-x86_64-debian-clang, r-devel-linux-x86_64-debian-gcc, r-devel-windows-x86_64