Last updated on 2024-06-26 15:54:45 CEST.
Flavor | Version | Tinstall | Tcheck | Ttotal | Status | Flags |
---|---|---|---|---|---|---|
r-devel-linux-x86_64-debian-clang | 1.0-1 | OK | ||||
r-devel-linux-x86_64-debian-gcc | 1.0-1 | 7.49 | 63.84 | 71.33 | OK | |
r-devel-linux-x86_64-fedora-clang | 1.0-1 | 123.99 | NOTE | |||
r-devel-linux-x86_64-fedora-gcc | 1.0-1 | 110.81 | OK | |||
r-devel-windows-x86_64 | 1.0-1 | 9.00 | 76.00 | 85.00 | OK | |
r-patched-linux-x86_64 | 1.0-1 | 9.06 | 82.18 | 91.24 | OK | |
r-release-linux-x86_64 | 1.0-1 | 7.41 | 82.89 | 90.30 | OK | |
r-release-macos-arm64 | 1.0-1 | 34.00 | OK | |||
r-release-macos-x86_64 | 1.0-1 | 53.00 | OK | |||
r-release-windows-x86_64 | 1.0-1 | 9.00 | 80.00 | 89.00 | OK | |
r-oldrel-macos-arm64 | 1.0-1 | 38.00 | OK | |||
r-oldrel-macos-x86_64 | 1.0-1 | 63.00 | OK | |||
r-oldrel-windows-x86_64 | 1.0-1 | 10.00 | 98.00 | 108.00 | OK |
Version: 1.0-1
Check: Rd cross-references
Result: NOTE
Undeclared packages ‘gamlss.dist’, ‘gamlss.add’ in Rd xrefs
Flavor: r-devel-linux-x86_64-fedora-clang