Last updated on 2024-08-16 03:49:24 CEST.
Flavor | Version | Tinstall | Tcheck | Ttotal | Status | Flags |
---|---|---|---|---|---|---|
r-devel-linux-x86_64-debian-clang | 2023.08.31 | 42.56 | 315.25 | 357.81 | NOTE | |
r-devel-linux-x86_64-debian-gcc | 2023.08.31 | 27.76 | 203.91 | 231.67 | NOTE | |
r-devel-linux-x86_64-fedora-clang | 2023.08.31 | 569.11 | NOTE | |||
r-devel-linux-x86_64-fedora-gcc | 2023.08.31 | 531.12 | NOTE | |||
r-devel-windows-x86_64 | 2023.08.31 | 41.00 | 245.00 | 286.00 | NOTE | |
r-patched-linux-x86_64 | 2023.08.31 | 48.72 | 290.97 | 339.69 | NOTE | |
r-release-linux-x86_64 | 2023.08.31 | 40.29 | 287.38 | 327.67 | NOTE | |
r-release-macos-arm64 | 2023.08.31 | 127.00 | NOTE | |||
r-release-macos-x86_64 | 2023.08.31 | 257.00 | NOTE | |||
r-release-windows-x86_64 | 2023.08.31 | 41.00 | 257.00 | 298.00 | NOTE | |
r-oldrel-macos-arm64 | 2023.08.31 | 133.00 | OK | |||
r-oldrel-macos-x86_64 | 2023.08.31 | 281.00 | OK | |||
r-oldrel-windows-x86_64 | 2023.08.31 | 55.00 | 331.00 | 386.00 | OK |
Version: 2023.08.31
Check: Rd files
Result: NOTE
checkRd: (-1) gbm.auto.Rd:208: Lost braces; missing escapes or markup?
208 | \item Error in if (n.trees > x$n.trees) { : argument is of length zero}. LR or BF probably too low
| ^
Flavors: r-devel-linux-x86_64-debian-clang, r-devel-linux-x86_64-debian-gcc, r-devel-linux-x86_64-fedora-clang, r-devel-linux-x86_64-fedora-gcc, r-devel-windows-x86_64, r-patched-linux-x86_64, r-release-linux-x86_64, r-release-macos-arm64, r-release-macos-x86_64, r-release-windows-x86_64
Version: 2023.08.31
Check: Rd cross-references
Result: NOTE
Found the following Rd file(s) with Rd \link{} targets missing package
anchors:
gbm.auto.Rd: n
Please provide package anchors for all Rd \link{} targets not in the
package itself and the base packages.
Flavors: r-devel-linux-x86_64-debian-clang, r-devel-linux-x86_64-debian-gcc, r-devel-windows-x86_64