Last updated on 2024-07-12 02:51:11 CEST.
Flavor | Version | Tinstall | Tcheck | Ttotal | Status | Flags |
---|---|---|---|---|---|---|
r-devel-linux-x86_64-debian-clang | 1.0.0 | 4.10 | 70.37 | 74.47 | NOTE | |
r-devel-linux-x86_64-debian-gcc | 1.0.0 | 2.58 | 51.25 | 53.83 | NOTE | |
r-devel-linux-x86_64-fedora-clang | 1.0.0 | 94.28 | NOTE | |||
r-devel-linux-x86_64-fedora-gcc | 1.0.0 | 84.71 | NOTE | |||
r-devel-windows-x86_64 | 1.0.0 | 4.00 | 66.00 | 70.00 | NOTE | |
r-patched-linux-x86_64 | 1.0.0 | 3.29 | 64.47 | 67.76 | NOTE | |
r-release-linux-x86_64 | 1.0.0 | 3.50 | 65.43 | 68.93 | NOTE | |
r-release-macos-arm64 | 1.0.0 | 27.00 | NOTE | |||
r-release-macos-x86_64 | 1.0.0 | 50.00 | NOTE | |||
r-release-windows-x86_64 | 1.0.0 | 4.00 | 65.00 | 69.00 | NOTE | |
r-oldrel-macos-arm64 | 1.0.0 | 32.00 | OK | |||
r-oldrel-macos-x86_64 | 1.0.0 | 80.00 | OK | |||
r-oldrel-windows-x86_64 | 1.0.0 | 4.00 | 76.00 | 80.00 | OK |
Version: 1.0.0
Check: Rd files
Result: NOTE
checkRd: (-1) GCTF.Rd:56: Lost braces; missing escapes or markup?
56 | U : A matrix which has N-rows and J-columns (J < {N, M}).
| ^
checkRd: (-1) GCTF.Rd:57: Lost braces; missing escapes or markup?
57 | V : A matrix which has M-rows and J-columns (J < {N, M}).
| ^
checkRd: (-1) GCTF.Rd:58: Lost braces; missing escapes or markup?
58 | J : The number of dimension (J < {N, M}).
| ^
Flavors: r-devel-linux-x86_64-debian-clang, r-devel-linux-x86_64-debian-gcc, r-devel-linux-x86_64-fedora-clang, r-devel-linux-x86_64-fedora-gcc, r-devel-windows-x86_64, r-patched-linux-x86_64, r-release-linux-x86_64, r-release-macos-arm64, r-release-macos-x86_64, r-release-windows-x86_64