Last updated on 2024-05-02 15:51:02 CEST.
Flavor | Version | Tinstall | Tcheck | Ttotal | Status | Flags |
---|---|---|---|---|---|---|
r-devel-linux-x86_64-debian-clang | 1.1.1 | 65.36 | 39.68 | 105.04 | NOTE | |
r-devel-linux-x86_64-debian-gcc | 1.1.1 | 53.13 | 30.02 | 83.15 | NOTE | |
r-devel-linux-x86_64-fedora-clang | 1.1.1 | 151.18 | NOTE | |||
r-devel-linux-x86_64-fedora-gcc | 1.1.1 | 165.39 | NOTE | |||
r-devel-windows-x86_64 | 1.1.1 | 53.00 | 77.00 | 130.00 | NOTE | |
r-patched-linux-x86_64 | 1.1.1 | 71.21 | 37.38 | 108.59 | NOTE | |
r-release-linux-x86_64 | 1.1.1 | 71.92 | 36.75 | 108.67 | NOTE | |
r-release-macos-arm64 | 1.1.1 | 40.00 | NOTE | |||
r-release-windows-x86_64 | 1.1.1 | 52.00 | 78.00 | 130.00 | NOTE | |
r-oldrel-macos-arm64 | 1.1.1 | 47.00 | NOTE | |||
r-oldrel-macos-x86_64 | 1.1.1 | 73.00 | NOTE | |||
r-oldrel-windows-x86_64 | 1.1.1 | 63.00 | 86.00 | 149.00 | NOTE |
Version: 1.1.1
Check: C++ specification
Result: NOTE
Specified C++11: please drop specification unless essential
Flavors: r-devel-linux-x86_64-debian-clang, r-devel-linux-x86_64-debian-gcc, r-devel-linux-x86_64-fedora-clang, r-devel-linux-x86_64-fedora-gcc, r-devel-windows-x86_64, r-patched-linux-x86_64, r-release-linux-x86_64, r-release-macos-arm64, r-release-windows-x86_64, r-oldrel-macos-arm64, r-oldrel-macos-x86_64, r-oldrel-windows-x86_64
Version: 1.1.1
Check: installed package size
Result: NOTE
installed size is 6.1Mb
sub-directories of 1Mb or more:
doc 1.3Mb
libs 4.6Mb
Flavors: r-release-macos-arm64, r-oldrel-macos-arm64, r-oldrel-macos-x86_64