Last updated on 2024-06-26 15:54:45 CEST.
Flavor | Version | Tinstall | Tcheck | Ttotal | Status | Flags |
---|---|---|---|---|---|---|
r-devel-linux-x86_64-debian-clang | 1.0.3 | NOTE | ||||
r-devel-linux-x86_64-debian-gcc | 1.0.3 | 1.49 | 21.80 | 23.29 | NOTE | |
r-devel-linux-x86_64-fedora-clang | 1.0.3 | 39.51 | NOTE | |||
r-devel-linux-x86_64-fedora-gcc | 1.0.3 | 50.34 | NOTE | |||
r-devel-windows-x86_64 | 1.0.3 | 3.00 | 43.00 | 46.00 | NOTE | |
r-patched-linux-x86_64 | 1.0.3 | 2.07 | 26.36 | 28.43 | NOTE | |
r-release-linux-x86_64 | 1.0.3 | 1.34 | 26.72 | 28.06 | NOTE | |
r-release-macos-arm64 | 1.0.3 | 23.00 | NOTE | |||
r-release-macos-x86_64 | 1.0.3 | 32.00 | NOTE | |||
r-release-windows-x86_64 | 1.0.3 | 3.00 | 44.00 | 47.00 | NOTE | |
r-oldrel-macos-arm64 | 1.0.3 | 26.00 | NOTE | |||
r-oldrel-macos-x86_64 | 1.0.3 | 33.00 | NOTE | |||
r-oldrel-windows-x86_64 | 1.0.3 | 3.00 | 44.00 | 47.00 | NOTE |
Version: 1.0.3
Check: LazyData
Result: NOTE
'LazyData' is specified without a 'data' directory
Flavors: r-devel-linux-x86_64-debian-clang, r-devel-linux-x86_64-debian-gcc, r-devel-linux-x86_64-fedora-clang, r-devel-linux-x86_64-fedora-gcc, r-devel-windows-x86_64, r-patched-linux-x86_64, r-release-linux-x86_64, r-release-macos-arm64, r-release-macos-x86_64, r-release-windows-x86_64, r-oldrel-macos-arm64, r-oldrel-macos-x86_64, r-oldrel-windows-x86_64