Last updated on 2024-08-16 15:49:32 CEST.
Flavor | Version | Tinstall | Tcheck | Ttotal | Status | Flags |
---|---|---|---|---|---|---|
r-devel-linux-x86_64-debian-clang | 1.5.2 | 6.95 | 98.94 | 105.89 | OK | |
r-devel-linux-x86_64-debian-gcc | 1.5.2 | 4.22 | 72.86 | 77.08 | OK | |
r-devel-linux-x86_64-fedora-clang | 1.5.2 | 170.64 | NOTE | |||
r-devel-linux-x86_64-fedora-gcc | 1.5.2 | 174.91 | OK | |||
r-devel-windows-x86_64 | 1.5.2 | 10.00 | 106.00 | 116.00 | NOTE | |
r-patched-linux-x86_64 | 1.5.2 | 7.35 | 93.73 | 101.08 | OK | |
r-release-linux-x86_64 | 1.5.2 | 6.06 | 96.09 | 102.15 | OK | |
r-release-macos-arm64 | 1.5.2 | 57.00 | NOTE | |||
r-release-macos-x86_64 | 1.5.2 | 89.00 | NOTE | |||
r-release-windows-x86_64 | 1.5.2 | 11.00 | 105.00 | 116.00 | NOTE | |
r-oldrel-macos-arm64 | 1.5.2 | 65.00 | NOTE | |||
r-oldrel-macos-x86_64 | 1.5.2 | 107.00 | NOTE | |||
r-oldrel-windows-x86_64 | 1.5.2 | 13.00 | 131.00 | 144.00 | NOTE |
Version: 1.5.2
Check: installed package size
Result: NOTE
installed size is 11.1Mb
sub-directories of 1Mb or more:
doc 9.5Mb
help 1.1Mb
Flavors: r-devel-linux-x86_64-fedora-clang, r-devel-windows-x86_64, r-release-macos-arm64, r-release-macos-x86_64, r-release-windows-x86_64, r-oldrel-macos-arm64, r-oldrel-macos-x86_64, r-oldrel-windows-x86_64