Last updated on 2024-08-16 15:49:32 CEST.
Flavor | Version | Tinstall | Tcheck | Ttotal | Status | Flags |
---|---|---|---|---|---|---|
r-devel-linux-x86_64-debian-clang | 0.8.1 | 108.21 | 143.73 | 251.94 | OK | |
r-devel-linux-x86_64-debian-gcc | 0.8.1 | 71.91 | 100.27 | 172.18 | OK | |
r-devel-linux-x86_64-fedora-clang | 0.8.1 | 470.81 | NOTE | |||
r-devel-linux-x86_64-fedora-gcc | 0.8.1 | 451.73 | OK | |||
r-devel-windows-x86_64 | 0.8.1 | 122.00 | 167.00 | 289.00 | NOTE | |
r-patched-linux-x86_64 | 0.8.1 | 102.27 | 137.86 | 240.13 | OK | |
r-release-linux-x86_64 | 0.8.1 | 103.99 | 136.68 | 240.67 | OK | |
r-release-macos-arm64 | 0.8.1 | 110.00 | NOTE | |||
r-release-macos-x86_64 | 0.8.1 | 139.00 | NOTE | |||
r-release-windows-x86_64 | 0.8.1 | 118.00 | 182.00 | 300.00 | NOTE | |
r-oldrel-macos-arm64 | 0.8.1 | 120.00 | NOTE | |||
r-oldrel-macos-x86_64 | 0.8.1 | 220.00 | NOTE | |||
r-oldrel-windows-x86_64 | 0.8.1 | 143.00 | 211.00 | 354.00 | NOTE |
Version: 0.8.1
Check: installed package size
Result: NOTE
installed size is 5.5Mb
sub-directories of 1Mb or more:
doc 3.0Mb
extdata 1.6Mb
Flavors: r-devel-linux-x86_64-fedora-clang, r-devel-windows-x86_64, r-release-macos-arm64, r-release-macos-x86_64, r-release-windows-x86_64, r-oldrel-macos-arm64, r-oldrel-macos-x86_64, r-oldrel-windows-x86_64