Last updated on 2024-08-16 15:49:32 CEST.
Flavor | Version | Tinstall | Tcheck | Ttotal | Status | Flags |
---|---|---|---|---|---|---|
r-devel-linux-x86_64-debian-clang | 0.1.0 | 4.56 | 35.18 | 39.74 | NOTE | |
r-devel-linux-x86_64-debian-gcc | 0.1.0 | 2.95 | 26.82 | 29.77 | NOTE | |
r-devel-linux-x86_64-fedora-clang | 0.1.0 | 63.79 | NOTE | |||
r-devel-linux-x86_64-fedora-gcc | 0.1.0 | 58.70 | NOTE | |||
r-devel-windows-x86_64 | 0.1.0 | 6.00 | 52.00 | 58.00 | NOTE | |
r-patched-linux-x86_64 | 0.1.0 | 4.18 | 33.49 | 37.67 | NOTE | |
r-release-linux-x86_64 | 0.1.0 | 4.58 | 33.55 | 38.13 | NOTE | |
r-release-macos-arm64 | 0.1.0 | 23.00 | NOTE | |||
r-release-macos-x86_64 | 0.1.0 | 32.00 | NOTE | |||
r-release-windows-x86_64 | 0.1.0 | 7.00 | 57.00 | 64.00 | NOTE | |
r-oldrel-macos-arm64 | 0.1.0 | 22.00 | NOTE | |||
r-oldrel-macos-x86_64 | 0.1.0 | 32.00 | NOTE | |||
r-oldrel-windows-x86_64 | 0.1.0 | 7.00 | 59.00 | 66.00 | NOTE |
Version: 0.1.0
Check: LazyData
Result: NOTE
'LazyData' is specified without a 'data' directory
Flavors: r-devel-linux-x86_64-debian-clang, r-devel-linux-x86_64-debian-gcc, r-devel-linux-x86_64-fedora-clang, r-devel-linux-x86_64-fedora-gcc, r-devel-windows-x86_64, r-patched-linux-x86_64, r-release-linux-x86_64, r-release-macos-arm64, r-release-macos-x86_64, r-release-windows-x86_64, r-oldrel-macos-arm64, r-oldrel-macos-x86_64, r-oldrel-windows-x86_64