Last updated on 2024-08-16 15:49:32 CEST.
Flavor | Version | Tinstall | Tcheck | Ttotal | Status | Flags |
---|---|---|---|---|---|---|
r-devel-linux-x86_64-debian-clang | 0.3.1 | 12.73 | 178.87 | 191.60 | NOTE | |
r-devel-linux-x86_64-debian-gcc | 0.3.1 | 8.08 | 119.33 | 127.41 | NOTE | |
r-devel-linux-x86_64-fedora-clang | 0.3.1 | 306.49 | OK | |||
r-devel-linux-x86_64-fedora-gcc | 0.3.1 | 300.08 | OK | |||
r-devel-windows-x86_64 | 0.3.1 | 14.00 | 219.00 | 233.00 | NOTE | |
r-patched-linux-x86_64 | 0.3.1 | 17.87 | 169.08 | 186.95 | OK | |
r-release-linux-x86_64 | 0.3.1 | 11.77 | 167.89 | 179.66 | OK | |
r-release-macos-arm64 | 0.3.1 | 81.00 | OK | |||
r-release-macos-x86_64 | 0.3.1 | 128.00 | OK | |||
r-release-windows-x86_64 | 0.3.1 | 17.00 | 341.00 | 358.00 | OK | |
r-oldrel-macos-arm64 | 0.3.1 | 84.00 | OK | |||
r-oldrel-macos-x86_64 | 0.3.1 | 174.00 | OK | |||
r-oldrel-windows-x86_64 | 0.3.1 | 20.00 | 240.00 | 260.00 | OK |
Version: 0.3.1
Check: Rd cross-references
Result: NOTE
Found the following Rd file(s) with Rd \link{} targets missing package
anchors:
geom_xsideabline.Rd: aes
ggside-ggproto-facets.Rd: ggplot2
xside.Rd: ggplot2
yside.Rd: ggplot2
Please provide package anchors for all Rd \link{} targets not in the
package itself and the base packages.
Flavors: r-devel-linux-x86_64-debian-clang, r-devel-linux-x86_64-debian-gcc, r-devel-windows-x86_64