Last updated on 2024-08-16 03:49:24 CEST.
Flavor | Version | Tinstall | Tcheck | Ttotal | Status | Flags |
---|---|---|---|---|---|---|
r-devel-linux-x86_64-debian-clang | 0.1.2.0 | 3.93 | 54.10 | 58.03 | OK | |
r-devel-linux-x86_64-debian-gcc | 0.1.2.0 | 3.49 | 37.13 | 40.62 | OK | |
r-devel-linux-x86_64-fedora-clang | 0.1.2.0 | 95.80 | NOTE | |||
r-devel-linux-x86_64-fedora-gcc | 0.1.2.0 | 620.40 | NOTE | |||
r-devel-windows-x86_64 | 0.1.2.0 | 6.00 | 282.00 | 288.00 | OK | |
r-patched-linux-x86_64 | 0.1.2.0 | 3.73 | 51.51 | 55.24 | OK | |
r-release-linux-x86_64 | 0.1.2.0 | 3.91 | 52.05 | 55.96 | OK | |
r-release-macos-arm64 | 0.1.2.0 | 168.00 | OK | |||
r-release-macos-x86_64 | 0.1.2.0 | 582.00 | OK | |||
r-release-windows-x86_64 | 0.1.2.0 | 6.00 | 1006.00 | 1012.00 | OK | |
r-oldrel-macos-arm64 | 0.1.2.0 | 309.00 | OK | |||
r-oldrel-macos-x86_64 | 0.1.2.0 | 799.00 | OK | |||
r-oldrel-windows-x86_64 | 0.1.2.0 | 9.00 | 247.00 | 256.00 | OK |
Version: 0.1.2.0
Check: data for non-ASCII characters
Result: NOTE
Note: found 175 marked UTF-8 strings
Flavors: r-devel-linux-x86_64-fedora-clang, r-devel-linux-x86_64-fedora-gcc