Last updated on 2024-07-12 02:51:11 CEST.
Flavor | Version | Tinstall | Tcheck | Ttotal | Status | Flags |
---|---|---|---|---|---|---|
r-devel-linux-x86_64-debian-clang | 0.5-1 | 2.64 | 53.97 | 56.61 | NOTE | |
r-devel-linux-x86_64-debian-gcc | 0.5-1 | 2.12 | 39.92 | 42.04 | NOTE | |
r-devel-linux-x86_64-fedora-clang | 0.5-1 | 72.59 | NOTE | |||
r-devel-linux-x86_64-fedora-gcc | 0.5-1 | 65.88 | NOTE | |||
r-devel-windows-x86_64 | 0.5-1 | 4.00 | 61.00 | 65.00 | NOTE | |
r-patched-linux-x86_64 | 0.5-1 | 2.93 | 53.82 | 56.75 | NOTE | |
r-release-linux-x86_64 | 0.5-1 | 2.10 | 53.07 | 55.17 | NOTE | |
r-release-macos-arm64 | 0.5-1 | 24.00 | NOTE | |||
r-release-macos-x86_64 | 0.5-1 | 37.00 | NOTE | |||
r-release-windows-x86_64 | 0.5-1 | 3.00 | 61.00 | 64.00 | NOTE | |
r-oldrel-macos-arm64 | 0.5-1 | 27.00 | OK | |||
r-oldrel-macos-x86_64 | 0.5-1 | 39.00 | OK | |||
r-oldrel-windows-x86_64 | 0.5-1 | 3.00 | 61.00 | 64.00 | OK |
Version: 0.5-1
Check: Rd files
Result: NOTE
checkRd: (-1) NEWS.Rd:16: Lost braces; missing escapes or markup?
16 | \item Now \code{AICc == Inf} when {n <= p + 1}.
| ^
Flavors: r-devel-linux-x86_64-debian-clang, r-devel-linux-x86_64-debian-gcc, r-devel-linux-x86_64-fedora-clang, r-devel-linux-x86_64-fedora-gcc, r-devel-windows-x86_64, r-patched-linux-x86_64, r-release-linux-x86_64, r-release-macos-arm64, r-release-macos-x86_64, r-release-windows-x86_64