Last updated on 2024-05-07 03:59:33 CEST.
Flavor | Version | Tinstall | Tcheck | Ttotal | Status | Flags |
---|---|---|---|---|---|---|
r-devel-linux-x86_64-debian-clang | 0.0-4 | 35.07 | 27.33 | 62.40 | OK | |
r-devel-linux-x86_64-debian-gcc | 0.0-4 | 31.12 | 21.28 | 52.40 | OK | |
r-devel-linux-x86_64-fedora-clang | 0.0-4 | 97.95 | NOTE | |||
r-devel-linux-x86_64-fedora-gcc | 0.0-4 | 142.55 | NOTE | |||
r-devel-windows-x86_64 | 0.0-4 | 34.00 | 58.00 | 92.00 | OK | |
r-patched-linux-x86_64 | 0.0-4 | 39.64 | 26.45 | 66.09 | OK | |
r-release-linux-x86_64 | 0.0-4 | 41.61 | 25.92 | 67.53 | OK | |
r-release-macos-arm64 | 0.0-4 | 24.00 | OK | |||
r-release-windows-x86_64 | 0.0-4 | 34.00 | 63.00 | 97.00 | OK | |
r-oldrel-macos-arm64 | 0.0-4 | 29.00 | OK | |||
r-oldrel-macos-x86_64 | 0.0-4 | 44.00 | OK | |||
r-oldrel-windows-x86_64 | 0.0-4 | 38.00 | 67.00 | 105.00 | OK |
Version: 0.0-4
Check: compiled code
Result: NOTE
File ‘hawkes/libs/hawkes.so’:
Found no calls to: ‘R_registerRoutines’, ‘R_useDynamicSymbols’
It is good practice to register native routines and to disable symbol
search.
See ‘Writing portable packages’ in the ‘Writing R Extensions’ manual.
Flavors: r-devel-linux-x86_64-fedora-clang, r-devel-linux-x86_64-fedora-gcc