Last updated on 2024-06-03 09:56:20 CEST.
Flavor | Version | Tinstall | Tcheck | Ttotal | Status | Flags |
---|---|---|---|---|---|---|
r-devel-linux-x86_64-debian-clang | 1.0.3 | 165.72 | 111.16 | 276.88 | OK | |
r-devel-linux-x86_64-debian-gcc | 1.0.3 | 111.24 | 78.74 | 189.98 | OK | |
r-devel-linux-x86_64-fedora-clang | 1.0.3 | 377.72 | OK | |||
r-devel-linux-x86_64-fedora-gcc | 1.0.3 | 402.11 | OK | |||
r-devel-windows-x86_64 | 1.0.3 | 122.00 | 123.00 | 245.00 | OK | |
r-patched-linux-x86_64 | 1.0.3 | 110.13 | 103.14 | 213.27 | OK | |
r-release-linux-x86_64 | 1.0.3 | 102.75 | 106.13 | 208.88 | OK | |
r-release-macos-arm64 | 1.0.3 | 83.00 | NOTE | |||
r-release-windows-x86_64 | 1.0.3 | 110.00 | 125.00 | 235.00 | OK | |
r-oldrel-macos-arm64 | 1.0.3 | 91.00 | NOTE | |||
r-oldrel-macos-x86_64 | 1.0.3 | 124.00 | NOTE | |||
r-oldrel-windows-x86_64 | 1.0.3 | 147.00 | 144.00 | 291.00 | OK |
Version: 1.0.3
Check: installed package size
Result: NOTE
installed size is 11.9Mb
sub-directories of 1Mb or more:
libs 11.4Mb
Flavors: r-release-macos-arm64, r-oldrel-macos-arm64, r-oldrel-macos-x86_64