Last updated on 2024-08-16 03:49:25 CEST.
Flavor | Version | Tinstall | Tcheck | Ttotal | Status | Flags |
---|---|---|---|---|---|---|
r-devel-linux-x86_64-debian-clang | 0.5-0 | 51.58 | 72.78 | 124.36 | OK | |
r-devel-linux-x86_64-debian-gcc | 0.5-0 | 38.08 | 75.93 | 114.01 | OK | |
r-devel-linux-x86_64-fedora-clang | 0.5-0 | 234.05 | NOTE | |||
r-devel-linux-x86_64-fedora-gcc | 0.5-0 | 266.91 | OK | |||
r-devel-windows-x86_64 | 0.5-0 | 56.00 | 125.00 | 181.00 | OK | |
r-patched-linux-x86_64 | 0.5-0 | 55.88 | 96.78 | 152.66 | OK | |
r-release-linux-x86_64 | 0.5-0 | 57.23 | 98.08 | 155.31 | OK | |
r-release-macos-arm64 | 0.5-0 | 79.00 | NOTE | |||
r-release-macos-x86_64 | 0.5-0 | 173.00 | NOTE | |||
r-release-windows-x86_64 | 0.5-0 | 57.00 | 128.00 | 185.00 | OK | |
r-oldrel-macos-arm64 | 0.5-0 | 98.00 | NOTE | |||
r-oldrel-macos-x86_64 | 0.5-0 | 153.00 | NOTE | |||
r-oldrel-windows-x86_64 | 0.5-0 | 67.00 | 142.00 | 209.00 | OK |
Version: 0.5-0
Check: Rd cross-references
Result: NOTE
Undeclared package ‘lme4’ in Rd xrefs
Flavor: r-devel-linux-x86_64-fedora-clang
Version: 0.5-0
Check: installed package size
Result: NOTE
installed size is 6.8Mb
sub-directories of 1Mb or more:
libs 5.9Mb
Flavors: r-release-macos-arm64, r-release-macos-x86_64, r-oldrel-macos-arm64, r-oldrel-macos-x86_64