Last updated on 2024-08-16 03:49:25 CEST.
Flavor | Version | Tinstall | Tcheck | Ttotal | Status | Flags |
---|---|---|---|---|---|---|
r-devel-linux-x86_64-debian-clang | 1.0.0 | 2.35 | 82.71 | 85.06 | OK | |
r-devel-linux-x86_64-debian-gcc | 1.0.0 | 1.79 | 62.12 | 63.91 | OK | |
r-devel-linux-x86_64-fedora-clang | 1.0.0 | 134.14 | NOTE | |||
r-devel-linux-x86_64-fedora-gcc | 1.0.0 | 144.84 | NOTE | |||
r-devel-windows-x86_64 | 1.0.0 | 5.00 | 93.00 | 98.00 | OK | |
r-patched-linux-x86_64 | 1.0.0 | 2.36 | 77.76 | 80.12 | OK | |
r-release-linux-x86_64 | 1.0.0 | 2.30 | 77.89 | 80.19 | OK | |
r-release-macos-arm64 | 1.0.0 | 57.00 | OK | |||
r-release-macos-x86_64 | 1.0.0 | 113.00 | OK | |||
r-release-windows-x86_64 | 1.0.0 | 4.00 | 113.00 | 117.00 | OK | |
r-oldrel-macos-arm64 | 1.0.0 | 80.00 | OK | |||
r-oldrel-macos-x86_64 | 1.0.0 | 138.00 | OK | |||
r-oldrel-windows-x86_64 | 1.0.0 | 5.00 | 116.00 | 121.00 | OK |
Version: 1.0.0
Check: data for non-ASCII characters
Result: NOTE
Note: found 6 marked UTF-8 strings
Flavors: r-devel-linux-x86_64-fedora-clang, r-devel-linux-x86_64-fedora-gcc