Last updated on 2024-06-26 15:54:47 CEST.
Flavor | Version | Tinstall | Tcheck | Ttotal | Status | Flags |
---|---|---|---|---|---|---|
r-devel-linux-x86_64-debian-clang | 0.1-10 | NOTE | ||||
r-devel-linux-x86_64-debian-gcc | 0.1-10 | 665.49 | 25.64 | 691.13 | NOTE | |
r-devel-linux-x86_64-fedora-clang | 0.1-10 | 1089.85 | NOTE | |||
r-devel-linux-x86_64-fedora-gcc | 0.1-10 | 1513.27 | NOTE | |||
r-devel-windows-x86_64 | 0.1-10 | 572.00 | 88.00 | 660.00 | NOTE | |
r-patched-linux-x86_64 | 0.1-10 | 872.17 | 32.56 | 904.73 | NOTE | |
r-release-linux-x86_64 | 0.1-10 | 862.56 | 31.73 | 894.29 | NOTE | |
r-release-macos-arm64 | 0.1-10 | 194.00 | NOTE | |||
r-release-macos-x86_64 | 0.1-10 | 156.00 | NOTE | |||
r-release-windows-x86_64 | 0.1-10 | 594.00 | 98.00 | 692.00 | NOTE | |
r-oldrel-macos-arm64 | 0.1-10 | 237.00 | NOTE | |||
r-oldrel-macos-x86_64 | 0.1-10 | 181.00 | NOTE | |||
r-oldrel-windows-x86_64 | 0.1-10 | 543.00 | 102.00 | 645.00 | NOTE |
Version: 0.1-10
Check: C++ specification
Result: NOTE
Specified C++11: please drop specification unless essential
Flavors: r-devel-linux-x86_64-debian-clang, r-devel-linux-x86_64-debian-gcc, r-devel-linux-x86_64-fedora-clang, r-devel-linux-x86_64-fedora-gcc, r-devel-windows-x86_64, r-patched-linux-x86_64, r-release-linux-x86_64, r-release-macos-arm64, r-release-macos-x86_64, r-release-windows-x86_64, r-oldrel-macos-arm64, r-oldrel-macos-x86_64, r-oldrel-windows-x86_64
Version: 0.1-10
Check: installed package size
Result: NOTE
installed size is 46.0Mb
sub-directories of 1Mb or more:
libs 45.8Mb
Flavors: r-release-macos-arm64, r-release-macos-x86_64, r-oldrel-macos-arm64, r-oldrel-macos-x86_64