Last updated on 2024-08-16 15:49:33 CEST.
Flavor | Version | Tinstall | Tcheck | Ttotal | Status | Flags |
---|---|---|---|---|---|---|
r-devel-linux-x86_64-debian-clang | 1.1.2 | 50.76 | 145.04 | 195.80 | OK | |
r-devel-linux-x86_64-debian-gcc | 1.1.2 | 37.15 | 104.85 | 142.00 | OK | |
r-devel-linux-x86_64-fedora-clang | 1.1.2 | 343.79 | NOTE | |||
r-devel-linux-x86_64-fedora-gcc | 1.1.2 | 351.55 | OK | |||
r-devel-windows-x86_64 | 1.1.2 | 57.00 | 182.00 | 239.00 | NOTE | |
r-patched-linux-x86_64 | 1.1.2 | 53.48 | 140.20 | 193.68 | OK | |
r-release-linux-x86_64 | 1.1.2 | 51.03 | 140.51 | 191.54 | OK | |
r-release-macos-arm64 | 1.1.2 | 123.00 | NOTE | |||
r-release-macos-x86_64 | 1.1.2 | 164.00 | NOTE | |||
r-release-windows-x86_64 | 1.1.2 | 57.00 | 199.00 | 256.00 | NOTE | |
r-oldrel-macos-arm64 | 1.1.2 | 122.00 | NOTE | |||
r-oldrel-macos-x86_64 | 1.1.2 | 179.00 | NOTE | |||
r-oldrel-windows-x86_64 | 1.1.2 | 72.00 | 224.00 | 296.00 | NOTE |
Version: 1.1.2
Check: installed package size
Result: NOTE
installed size is 6.5Mb
sub-directories of 1Mb or more:
extdata 5.5Mb
Flavors: r-devel-linux-x86_64-fedora-clang, r-devel-windows-x86_64, r-release-macos-arm64, r-release-macos-x86_64, r-release-windows-x86_64, r-oldrel-macos-arm64, r-oldrel-macos-x86_64, r-oldrel-windows-x86_64