Last updated on 2024-05-02 15:51:03 CEST.
Flavor | Version | Tinstall | Tcheck | Ttotal | Status | Flags |
---|---|---|---|---|---|---|
r-devel-linux-x86_64-debian-clang | 1.1.2 | 116.39 | 126.24 | 242.63 | OK | |
r-devel-linux-x86_64-debian-gcc | 1.1.2 | 78.66 | 141.28 | 219.94 | OK | |
r-devel-linux-x86_64-fedora-clang | 1.1.2 | 401.87 | NOTE | |||
r-devel-linux-x86_64-fedora-gcc | 1.1.2 | 396.36 | OK | |||
r-devel-windows-x86_64 | 1.1.2 | 83.00 | 181.00 | 264.00 | NOTE | |
r-patched-linux-x86_64 | 1.1.2 | 101.70 | 116.64 | 218.34 | OK | |
r-release-linux-x86_64 | 1.1.2 | 75.21 | 114.40 | 189.61 | OK | |
r-release-macos-arm64 | 1.1.2 | 123.00 | NOTE | |||
r-release-windows-x86_64 | 1.1.2 | 85.00 | 182.00 | 267.00 | NOTE | |
r-oldrel-macos-arm64 | 1.1.2 | 122.00 | NOTE | |||
r-oldrel-macos-x86_64 | 1.1.2 | 179.00 | NOTE | |||
r-oldrel-windows-x86_64 | 1.1.2 | 101.00 | 227.00 | 328.00 | NOTE |
Version: 1.1.2
Check: installed package size
Result: NOTE
installed size is 6.5Mb
sub-directories of 1Mb or more:
extdata 5.5Mb
Flavors: r-devel-linux-x86_64-fedora-clang, r-devel-windows-x86_64, r-release-macos-arm64, r-release-windows-x86_64, r-oldrel-macos-arm64, r-oldrel-macos-x86_64, r-oldrel-windows-x86_64