Last updated on 2024-08-16 03:49:26 CEST.
Flavor | Version | Tinstall | Tcheck | Ttotal | Status | Flags |
---|---|---|---|---|---|---|
r-devel-linux-x86_64-debian-clang | 2.0.1 | 11.97 | 122.41 | 134.38 | NOTE | |
r-devel-linux-x86_64-debian-gcc | 2.0.1 | 8.92 | 83.83 | 92.75 | NOTE | |
r-devel-linux-x86_64-fedora-clang | 2.0.1 | 213.11 | NOTE | |||
r-devel-linux-x86_64-fedora-gcc | 2.0.1 | 202.34 | NOTE | |||
r-devel-windows-x86_64 | 2.0.1 | 12.00 | 136.00 | 148.00 | NOTE | |
r-patched-linux-x86_64 | 2.0.1 | 17.21 | 113.57 | 130.78 | NOTE | |
r-release-linux-x86_64 | 2.0.1 | 12.14 | 115.44 | 127.58 | NOTE | |
r-release-macos-arm64 | 2.0.1 | 57.00 | NOTE | |||
r-release-macos-x86_64 | 2.0.1 | 89.00 | NOTE | |||
r-release-windows-x86_64 | 2.0.1 | 13.00 | 144.00 | 157.00 | NOTE | |
r-oldrel-macos-arm64 | 2.0.1 | 60.00 | NOTE | |||
r-oldrel-macos-x86_64 | 2.0.1 | 129.00 | NOTE | |||
r-oldrel-windows-x86_64 | 2.0.1 | 17.00 | 172.00 | 189.00 | NOTE |
Version: 2.0.1
Check: package dependencies
Result: NOTE
Package suggested but not available for checking: ‘surveyspec’
Flavors: r-devel-linux-x86_64-debian-clang, r-devel-linux-x86_64-debian-gcc, r-devel-linux-x86_64-fedora-clang, r-devel-linux-x86_64-fedora-gcc, r-devel-windows-x86_64, r-patched-linux-x86_64, r-release-linux-x86_64, r-release-macos-arm64, r-release-macos-x86_64, r-release-windows-x86_64, r-oldrel-macos-arm64, r-oldrel-macos-x86_64, r-oldrel-windows-x86_64
Version: 2.0.1
Check: Rd cross-references
Result: NOTE
Found the following Rd file(s) with Rd \link{} targets missing package
anchors:
survey_IQR.Rd: srvyr
Please provide package anchors for all Rd \link{} targets not in the
package itself and the base packages.
Flavors: r-devel-linux-x86_64-debian-clang, r-devel-linux-x86_64-debian-gcc, r-devel-windows-x86_64