Last updated on 2024-05-04 15:48:01 CEST.
Flavor | Version | Tinstall | Tcheck | Ttotal | Status | Flags |
---|---|---|---|---|---|---|
r-devel-linux-x86_64-debian-clang | 1.0.3 | 0.49 | 2.34 | 2.83 | ERROR | |
r-devel-linux-x86_64-debian-gcc | 1.0.3 | 31.78 | 252.92 | 284.70 | OK | |
r-devel-linux-x86_64-fedora-clang | 1.0.3 | 519.65 | OK | |||
r-devel-linux-x86_64-fedora-gcc | 1.0.3 | 459.85 | OK | |||
r-devel-windows-x86_64 | 1.0.3 | 35.00 | 246.00 | 281.00 | OK | |
r-patched-linux-x86_64 | 1.0.3 | 30.06 | 326.42 | 356.48 | OK | |
r-release-linux-x86_64 | 1.0.3 | 34.54 | 319.55 | 354.09 | OK | |
r-release-macos-arm64 | 1.0.3 | 130.00 | OK | |||
r-release-macos-x86_64 | 1.0.3 | 240.00 | OK | |||
r-release-windows-x86_64 | 1.0.3 | 35.00 | 242.00 | 277.00 | OK | |
r-oldrel-macos-arm64 | 1.0.3 | 124.00 | OK | |||
r-oldrel-macos-x86_64 | 1.0.3 | 230.00 | OK | |||
r-oldrel-windows-x86_64 | 1.0.3 | 40.00 | 324.00 | 364.00 | OK |
Version: 1.0.3
Check: package dependencies
Result: ERROR
Packages required but not available:
'clusterProfiler', 'DOSE', 'org.Hs.eg.db'
See section ‘The DESCRIPTION file’ in the ‘Writing R Extensions’
manual.
Flavor: r-devel-linux-x86_64-debian-clang