Last updated on 2024-08-16 15:49:34 CEST.
Flavor | Version | Tinstall | Tcheck | Ttotal | Status | Flags |
---|---|---|---|---|---|---|
r-devel-linux-x86_64-debian-clang | 1.2.1 | 9.32 | 75.69 | 85.01 | ERROR | |
r-devel-linux-x86_64-debian-gcc | 1.2.1 | 6.73 | 53.51 | 60.24 | ERROR | |
r-devel-linux-x86_64-fedora-clang | 1.3.0 | 160.51 | OK | |||
r-devel-linux-x86_64-fedora-gcc | 1.3.0 | 153.75 | OK | |||
r-devel-windows-x86_64 | 1.2.1 | 10.00 | 94.00 | 104.00 | OK | |
r-patched-linux-x86_64 | 1.2.1 | 9.59 | 70.49 | 80.08 | ERROR | |
r-release-linux-x86_64 | 1.2.1 | 9.32 | 70.84 | 80.16 | ERROR | |
r-release-macos-arm64 | 1.2.1 | 38.00 | OK | |||
r-release-macos-x86_64 | 1.3.0 | 132.00 | OK | |||
r-release-windows-x86_64 | 1.2.1 | 12.00 | 100.00 | 112.00 | OK | |
r-oldrel-macos-arm64 | 1.2.1 | 47.00 | OK | |||
r-oldrel-macos-x86_64 | 1.2.1 | 79.00 | OK | |||
r-oldrel-windows-x86_64 | 1.2.1 | 14.00 | 110.00 | 124.00 | OK |
Version: 1.2.1
Check: tests
Result: ERROR
Running ‘testthat.R’ [6s/7s]
Running the tests in ‘tests/testthat.R’ failed.
Complete output:
> library('testthat')
> library('incubate')
>
> test_check("incubate")
[ FAIL 1 | WARN 0 | SKIP 4 | PASS 131 ]
══ Skipped tests (4) ═══════════════════════════════════════════════════════════
• On CRAN (4): 'test-delay_estimation.R:172:3', 'test-delay_test.R:20:3',
'test-delay_test.R:74:3', 'test-delay_test.R:123:3'
══ Failed tests ════════════════════════════════════════════════════════════════
── Error ('test-delay_test.R:9:3'): Structure of test objects. ─────────────────
Error: Delay model failed for restricted null-model or free full model
Backtrace:
▆
1. └─incubate::test_diff(...) at test-delay_test.R:9:3
[ FAIL 1 | WARN 0 | SKIP 4 | PASS 131 ]
Error: Test failures
Execution halted
Flavor: r-devel-linux-x86_64-debian-clang
Version: 1.2.1
Check: tests
Result: ERROR
Running ‘testthat.R’ [4s/5s]
Running the tests in ‘tests/testthat.R’ failed.
Complete output:
> library('testthat')
> library('incubate')
>
> test_check("incubate")
[ FAIL 1 | WARN 0 | SKIP 4 | PASS 131 ]
══ Skipped tests (4) ═══════════════════════════════════════════════════════════
• On CRAN (4): 'test-delay_estimation.R:172:3', 'test-delay_test.R:20:3',
'test-delay_test.R:74:3', 'test-delay_test.R:123:3'
══ Failed tests ════════════════════════════════════════════════════════════════
── Error ('test-delay_test.R:9:3'): Structure of test objects. ─────────────────
Error: Delay model failed for restricted null-model or free full model
Backtrace:
▆
1. └─incubate::test_diff(...) at test-delay_test.R:9:3
[ FAIL 1 | WARN 0 | SKIP 4 | PASS 131 ]
Error: Test failures
Execution halted
Flavor: r-devel-linux-x86_64-debian-gcc
Version: 1.2.1
Check: tests
Result: ERROR
Running ‘testthat.R’ [5s/7s]
Running the tests in ‘tests/testthat.R’ failed.
Complete output:
> library('testthat')
> library('incubate')
>
> test_check("incubate")
[ FAIL 1 | WARN 0 | SKIP 4 | PASS 131 ]
══ Skipped tests (4) ═══════════════════════════════════════════════════════════
• On CRAN (4): 'test-delay_estimation.R:172:3', 'test-delay_test.R:20:3',
'test-delay_test.R:74:3', 'test-delay_test.R:123:3'
══ Failed tests ════════════════════════════════════════════════════════════════
── Error ('test-delay_test.R:9:3'): Structure of test objects. ─────────────────
Error: Delay model failed for restricted null-model or free full model
Backtrace:
▆
1. └─incubate::test_diff(...) at test-delay_test.R:9:3
[ FAIL 1 | WARN 0 | SKIP 4 | PASS 131 ]
Error: Test failures
Execution halted
Flavor: r-patched-linux-x86_64
Version: 1.2.1
Check: tests
Result: ERROR
Running ‘testthat.R’ [6s/6s]
Running the tests in ‘tests/testthat.R’ failed.
Complete output:
> library('testthat')
> library('incubate')
>
> test_check("incubate")
[ FAIL 1 | WARN 0 | SKIP 4 | PASS 131 ]
══ Skipped tests (4) ═══════════════════════════════════════════════════════════
• On CRAN (4): 'test-delay_estimation.R:172:3', 'test-delay_test.R:20:3',
'test-delay_test.R:74:3', 'test-delay_test.R:123:3'
══ Failed tests ════════════════════════════════════════════════════════════════
── Error ('test-delay_test.R:9:3'): Structure of test objects. ─────────────────
Error: Delay model failed for restricted null-model or free full model
Backtrace:
▆
1. └─incubate::test_diff(...) at test-delay_test.R:9:3
[ FAIL 1 | WARN 0 | SKIP 4 | PASS 131 ]
Error: Test failures
Execution halted
Flavor: r-release-linux-x86_64