Last updated on 2024-08-16 03:49:26 CEST.
Flavor | Version | Tinstall | Tcheck | Ttotal | Status | Flags |
---|---|---|---|---|---|---|
r-devel-linux-x86_64-debian-clang | 1.4.2 | 3.67 | 43.71 | 47.38 | OK | |
r-devel-linux-x86_64-debian-gcc | 1.4.2 | 2.03 | 31.63 | 33.66 | OK | |
r-devel-linux-x86_64-fedora-clang | 1.4.2 | 75.56 | NOTE | |||
r-devel-linux-x86_64-fedora-gcc | 1.4.2 | 86.98 | OK | |||
r-devel-windows-x86_64 | 1.4.2 | 5.00 | 88.00 | 93.00 | OK | |
r-patched-linux-x86_64 | 1.4.2 | 2.90 | 41.43 | 44.33 | OK | |
r-release-linux-x86_64 | 1.4.2 | 2.29 | 41.82 | 44.11 | OK | |
r-release-macos-arm64 | 1.4.2 | 32.00 | OK | |||
r-release-macos-x86_64 | 1.4.2 | 80.00 | OK | |||
r-release-windows-x86_64 | 1.4.2 | 4.00 | 96.00 | 100.00 | OK | |
r-oldrel-macos-arm64 | 1.4.2 | 35.00 | OK | |||
r-oldrel-macos-x86_64 | 1.4.2 | 50.00 | OK | |||
r-oldrel-windows-x86_64 | 1.4.2 | 5.00 | 93.00 | 98.00 | OK |
Version: 1.4.2
Check: Rd cross-references
Result: NOTE
Undeclared packages ‘nlstools’, ‘lme4’ in Rd xrefs
Flavor: r-devel-linux-x86_64-fedora-clang