Last updated on 2024-06-26 15:54:47 CEST.
Flavor | Version | Tinstall | Tcheck | Ttotal | Status | Flags |
---|---|---|---|---|---|---|
r-devel-linux-x86_64-debian-clang | 0.2.5 | OK | ||||
r-devel-linux-x86_64-debian-gcc | 0.2.5 | 2.15 | 21.66 | 23.81 | OK | |
r-devel-linux-x86_64-fedora-clang | 0.2.5 | 39.65 | NOTE | |||
r-devel-linux-x86_64-fedora-gcc | 0.2.5 | 49.56 | NOTE | |||
r-devel-windows-x86_64 | 0.2.5 | 4.00 | 53.00 | 57.00 | OK | |
r-patched-linux-x86_64 | 0.2.5 | 3.08 | 26.95 | 30.03 | OK | |
r-release-linux-x86_64 | 0.2.5 | 2.44 | 26.59 | 29.03 | OK | |
r-release-macos-arm64 | 0.2.5 | 23.00 | OK | |||
r-release-macos-x86_64 | 0.2.5 | 35.00 | OK | |||
r-release-windows-x86_64 | 0.2.5 | 6.00 | 52.00 | 58.00 | OK | |
r-oldrel-macos-arm64 | 0.2.5 | 26.00 | OK | |||
r-oldrel-macos-x86_64 | 0.2.5 | 34.00 | OK | |||
r-oldrel-windows-x86_64 | 0.2.5 | 9.00 | 51.00 | 60.00 | OK |
Version: 0.2.5
Check: compiled code
Result: NOTE
File ‘isingLenzMC/libs/isingLenzMC.so’:
Found no calls to: ‘R_registerRoutines’, ‘R_useDynamicSymbols’
It is good practice to register native routines and to disable symbol
search.
See ‘Writing portable packages’ in the ‘Writing R Extensions’ manual.
Flavors: r-devel-linux-x86_64-fedora-clang, r-devel-linux-x86_64-fedora-gcc