Last updated on 2024-08-16 15:49:34 CEST.
Flavor | Version | Tinstall | Tcheck | Ttotal | Status | Flags |
---|---|---|---|---|---|---|
r-devel-linux-x86_64-debian-clang | 0.2.6 | 684.64 | 260.58 | 945.22 | NOTE | |
r-devel-linux-x86_64-debian-gcc | 0.2.6 | 494.88 | 169.73 | 664.61 | NOTE | |
r-devel-linux-x86_64-fedora-clang | 0.2.6 | 1783.04 | NOTE | |||
r-devel-linux-x86_64-fedora-gcc | 0.2.6 | 1959.38 | NOTE | |||
r-devel-windows-x86_64 | 0.2.6 | 709.00 | 395.00 | 1104.00 | NOTE | |
r-patched-linux-x86_64 | 0.2.6 | 690.49 | 246.45 | 936.94 | NOTE | |
r-release-linux-x86_64 | 0.2.6 | 690.16 | 243.97 | 934.13 | NOTE | |
r-release-macos-arm64 | 0.2.6 | 377.00 | NOTE | |||
r-release-macos-x86_64 | 0.2.6 | 417.00 | NOTE | |||
r-release-windows-x86_64 | 0.2.6 | 704.00 | 542.00 | 1246.00 | NOTE | |
r-oldrel-macos-arm64 | 0.2.6 | 372.00 | NOTE | |||
r-oldrel-macos-x86_64 | 0.2.6 | 480.00 | NOTE | |||
r-oldrel-windows-x86_64 | 0.2.6 | 826.00 | 452.00 | 1278.00 | NOTE |
Version: 0.2.6
Check: Rd files
Result: NOTE
checkRd: (-1) jSDM_binomial_probit_long_format.Rd:45: Lost braces
45 | \code{species} \tab numeric or character eqn{n_{obs}}{n_obs}-length vector indicating the species observed, \cr
| ^
checkRd: (-1) jSDM_binomial_probit_long_format.Rd:45: Lost braces; missing escapes or markup?
45 | \code{species} \tab numeric or character eqn{n_{obs}}{n_obs}-length vector indicating the species observed, \cr
| ^
checkRd: (-1) jSDM_binomial_probit_long_format.Rd:45: Lost braces
45 | \code{species} \tab numeric or character eqn{n_{obs}}{n_obs}-length vector indicating the species observed, \cr
| ^
Flavors: r-devel-linux-x86_64-debian-clang, r-devel-linux-x86_64-debian-gcc, r-devel-linux-x86_64-fedora-clang, r-devel-linux-x86_64-fedora-gcc, r-devel-windows-x86_64, r-patched-linux-x86_64, r-release-linux-x86_64, r-release-macos-arm64, r-release-macos-x86_64, r-release-windows-x86_64
Version: 0.2.6
Check: installed package size
Result: NOTE
installed size is 5.0Mb
sub-directories of 1Mb or more:
libs 3.6Mb
Flavors: r-devel-windows-x86_64, r-release-macos-arm64, r-release-macos-x86_64, r-release-windows-x86_64, r-oldrel-macos-arm64, r-oldrel-macos-x86_64, r-oldrel-windows-x86_64