Last updated on 2024-08-16 15:49:34 CEST.
Flavor | Version | Tinstall | Tcheck | Ttotal | Status | Flags |
---|---|---|---|---|---|---|
r-devel-linux-x86_64-debian-clang | 1.1.5 | 202.24 | 49.03 | 251.27 | NOTE | |
r-devel-linux-x86_64-debian-gcc | 1.1.5 | 151.03 | 36.05 | 187.08 | NOTE | |
r-devel-linux-x86_64-fedora-clang | 1.1.5 | 496.46 | NOTE | |||
r-devel-linux-x86_64-fedora-gcc | 1.1.5 | 547.67 | NOTE | |||
r-devel-windows-x86_64 | 1.1.5 | 238.00 | 166.00 | 404.00 | NOTE | |
r-patched-linux-x86_64 | 1.1.5 | 210.99 | 46.82 | 257.81 | NOTE | |
r-release-linux-x86_64 | 1.1.5 | 212.42 | 47.72 | 260.14 | NOTE | |
r-release-macos-arm64 | 1.1.5 | 109.00 | NOTE | |||
r-release-macos-x86_64 | 1.1.5 | 103.00 | NOTE | |||
r-release-windows-x86_64 | 1.1.5 | 241.00 | 165.00 | 406.00 | NOTE | |
r-oldrel-macos-arm64 | 1.1.5 | 116.00 | NOTE | |||
r-oldrel-macos-x86_64 | 1.1.5 | 150.00 | NOTE | |||
r-oldrel-windows-x86_64 | 1.1.5 | 273.00 | 187.00 | 460.00 | NOTE |
Version: 1.1.5
Check: for GNU extensions in Makefiles
Result: NOTE
GNU make is a SystemRequirements.
Flavors: r-devel-linux-x86_64-debian-clang, r-devel-linux-x86_64-debian-gcc, r-devel-linux-x86_64-fedora-clang, r-devel-linux-x86_64-fedora-gcc, r-devel-windows-x86_64, r-patched-linux-x86_64, r-release-linux-x86_64, r-release-macos-arm64, r-release-macos-x86_64, r-release-windows-x86_64, r-oldrel-macos-arm64, r-oldrel-macos-x86_64, r-oldrel-windows-x86_64
Version: 1.1.5
Check: installed package size
Result: NOTE
installed size is 14.0Mb
sub-directories of 1Mb or more:
art_profiles 1.5Mb
libs 11.7Mb
Flavors: r-devel-windows-x86_64, r-release-macos-arm64, r-release-macos-x86_64, r-release-windows-x86_64, r-oldrel-macos-arm64, r-oldrel-macos-x86_64, r-oldrel-windows-x86_64