Last updated on 2024-07-12 02:51:13 CEST.
Flavor | Version | Tinstall | Tcheck | Ttotal | Status | Flags |
---|---|---|---|---|---|---|
r-devel-linux-x86_64-debian-clang | 1.0.1 | 8.31 | 78.21 | 86.52 | NOTE | |
r-devel-linux-x86_64-debian-gcc | 1.0.1 | 6.24 | 57.22 | 63.46 | NOTE | |
r-devel-linux-x86_64-fedora-clang | 1.0.1 | 108.45 | NOTE | |||
r-devel-linux-x86_64-fedora-gcc | 1.0.1 | 115.38 | NOTE | |||
r-devel-windows-x86_64 | 1.0.1 | 8.00 | 69.00 | 77.00 | NOTE | |
r-patched-linux-x86_64 | 1.0.1 | 8.29 | 74.14 | 82.43 | NOTE | |
r-release-linux-x86_64 | 1.0.1 | 7.84 | 74.62 | 82.46 | NOTE | |
r-release-macos-arm64 | 1.0.1 | 37.00 | NOTE | |||
r-release-macos-x86_64 | 1.0.1 | 56.00 | NOTE | |||
r-release-windows-x86_64 | 1.0.1 | 8.00 | 71.00 | 79.00 | NOTE | |
r-oldrel-macos-arm64 | 1.0.1 | 34.00 | NOTE | |||
r-oldrel-macos-x86_64 | 1.0.1 | 61.00 | NOTE | |||
r-oldrel-windows-x86_64 | 1.0.1 | 9.00 | 82.00 | 91.00 | NOTE |
Version: 1.0.1
Check: LazyData
Result: NOTE
'LazyData' is specified without a 'data' directory
Flavors: r-devel-linux-x86_64-debian-clang, r-devel-linux-x86_64-debian-gcc, r-devel-linux-x86_64-fedora-clang, r-devel-linux-x86_64-fedora-gcc, r-devel-windows-x86_64, r-patched-linux-x86_64, r-release-linux-x86_64, r-release-macos-arm64, r-release-macos-x86_64, r-release-windows-x86_64, r-oldrel-macos-arm64, r-oldrel-macos-x86_64, r-oldrel-windows-x86_64