Last updated on 2024-07-12 02:51:13 CEST.
Flavor | Version | Tinstall | Tcheck | Ttotal | Status | Flags |
---|---|---|---|---|---|---|
r-devel-linux-x86_64-debian-clang | 1.0.7 | 52.47 | 34.31 | 86.78 | OK | |
r-devel-linux-x86_64-debian-gcc | 1.0.7 | 38.45 | 27.21 | 65.66 | OK | |
r-devel-linux-x86_64-fedora-clang | 1.0.7 | 113.31 | OK | |||
r-devel-linux-x86_64-fedora-gcc | 1.0.7 | 125.46 | OK | |||
r-devel-windows-x86_64 | 1.0.7 | 40.00 | 70.00 | 110.00 | OK | |
r-patched-linux-x86_64 | 1.0.7 | 47.31 | 34.05 | 81.36 | OK | |
r-release-linux-x86_64 | 1.0.7 | 39.79 | 33.66 | 73.45 | OK | |
r-release-macos-arm64 | 1.0.7 | 32.00 | NOTE | |||
r-release-macos-x86_64 | 1.0.7 | 56.00 | NOTE | |||
r-release-windows-x86_64 | 1.0.7 | 39.00 | 69.00 | 108.00 | OK | |
r-oldrel-macos-arm64 | 1.0.7 | 36.00 | NOTE | |||
r-oldrel-macos-x86_64 | 1.0.7 | 69.00 | NOTE | |||
r-oldrel-windows-x86_64 | 1.0.7 | 48.00 | 78.00 | 126.00 | OK |
Version: 1.0.7
Check: installed package size
Result: NOTE
installed size is 14.5Mb
sub-directories of 1Mb or more:
libs 14.4Mb
Flavors: r-release-macos-arm64, r-release-macos-x86_64, r-oldrel-macos-arm64, r-oldrel-macos-x86_64