Last updated on 2024-08-16 03:49:26 CEST.
Flavor | Version | Tinstall | Tcheck | Ttotal | Status | Flags |
---|---|---|---|---|---|---|
r-devel-linux-x86_64-debian-clang | 2.1.0 | 2.22 | 74.53 | 76.75 | OK | |
r-devel-linux-x86_64-debian-gcc | 2.1.0 | 1.86 | 49.34 | 51.20 | OK | |
r-devel-linux-x86_64-fedora-clang | 2.1.0 | 119.91 | OK | |||
r-devel-linux-x86_64-fedora-gcc | 2.1.0 | 125.62 | OK | |||
r-devel-windows-x86_64 | 2.1.0 | 3.00 | 83.00 | 86.00 | OK | |
r-patched-linux-x86_64 | 2.1.0 | 2.60 | 67.59 | 70.19 | OK | |
r-release-linux-x86_64 | 2.1.0 | 2.18 | 67.26 | 69.44 | OK | |
r-release-macos-arm64 | 2.1.0 | 57.00 | OK | |||
r-release-macos-x86_64 | 2.1.0 | 8.00 | ERROR | |||
r-release-windows-x86_64 | 2.1.0 | 4.00 | 87.00 | 91.00 | OK | |
r-oldrel-macos-arm64 | 2.1.0 | 11.00 | ERROR | |||
r-oldrel-macos-x86_64 | 2.1.0 | 13.00 | ERROR | |||
r-oldrel-windows-x86_64 | 2.1.0 | 1.00 | 12.00 | 13.00 | ERROR |
Version: 2.1.0
Check: package dependencies
Result: ERROR
Package required but not available: ‘pwalign’
See section ‘The DESCRIPTION file’ in the ‘Writing R Extensions’
manual.
Flavors: r-release-macos-x86_64, r-oldrel-macos-arm64, r-oldrel-macos-x86_64, r-oldrel-windows-x86_64