Last updated on 2024-05-09 15:49:22 CEST.
Flavor | Version | Tinstall | Tcheck | Ttotal | Status | Flags |
---|---|---|---|---|---|---|
r-devel-linux-x86_64-debian-clang | 1.0.5 | 5.77 | 49.00 | 54.77 | OK | |
r-devel-linux-x86_64-debian-gcc | 1.0.5 | 3.68 | 36.93 | 40.61 | OK | |
r-devel-linux-x86_64-fedora-clang | 1.0.5 | 67.19 | NOTE | |||
r-devel-linux-x86_64-fedora-gcc | 1.0.5 | 100.18 | NOTE | |||
r-devel-windows-x86_64 | 1.0.5 | 6.00 | 59.00 | 65.00 | OK | |
r-patched-linux-x86_64 | 1.0.5 | 2.90 | 45.28 | 48.18 | OK | |
r-release-linux-x86_64 | 1.0.5 | 2.91 | 46.85 | 49.76 | OK | |
r-release-macos-arm64 | 1.0.5 | 38.00 | OK | |||
r-release-windows-x86_64 | 1.0.5 | 5.00 | 61.00 | 66.00 | OK | |
r-oldrel-macos-arm64 | 1.0.5 | 28.00 | OK | |||
r-oldrel-macos-x86_64 | 1.0.5 | 37.00 | OK | |||
r-oldrel-windows-x86_64 | 1.0.5 | 6.00 | 62.00 | 68.00 | OK |
Version: 1.0.5
Check: dependencies in R code
Result: NOTE
Namespace in Imports field not imported from: ‘stringr’
All declared Imports should be used.
Flavors: r-devel-linux-x86_64-fedora-clang, r-devel-linux-x86_64-fedora-gcc