Last updated on 2024-08-16 03:49:27 CEST.
Flavor | Version | Tinstall | Tcheck | Ttotal | Status | Flags |
---|---|---|---|---|---|---|
r-devel-linux-x86_64-debian-clang | 1.0.0 | 1.83 | 20.42 | 22.25 | OK | |
r-devel-linux-x86_64-debian-gcc | 1.0.0 | 1.59 | 16.24 | 17.83 | OK | |
r-devel-linux-x86_64-fedora-clang | 1.0.0 | 2.22 | ERROR | |||
r-devel-linux-x86_64-fedora-gcc | 1.0.0 | 34.39 | OK | |||
r-devel-windows-x86_64 | 1.0.0 | 4.00 | 49.00 | 53.00 | OK | |
r-patched-linux-x86_64 | 1.0.0 | 1.97 | 19.82 | 21.79 | OK | |
r-release-linux-x86_64 | 1.0.0 | 1.68 | 19.97 | 21.65 | OK | |
r-release-macos-arm64 | 1.0.0 | 16.00 | OK | |||
r-release-macos-x86_64 | 1.0.0 | 38.00 | OK | |||
r-release-windows-x86_64 | 1.0.0 | 3.00 | 60.00 | 63.00 | OK | |
r-oldrel-macos-arm64 | 1.0.0 | 23.00 | OK | |||
r-oldrel-macos-x86_64 | 1.0.0 | 39.00 | OK | |||
r-oldrel-windows-x86_64 | 1.0.0 | 3.00 | 47.00 | 50.00 | OK |
Version: 1.0.0
Check: package dependencies
Result: ERROR
Package required but not available: ‘laGP’
See section ‘The DESCRIPTION file’ in the ‘Writing R Extensions’
manual.
Flavor: r-devel-linux-x86_64-fedora-clang