Last updated on 2024-08-16 15:49:35 CEST.
Flavor | Version | Tinstall | Tcheck | Ttotal | Status | Flags |
---|---|---|---|---|---|---|
r-devel-linux-x86_64-debian-clang | 0.1.2 | 22.25 | 297.75 | 320.00 | OK | |
r-devel-linux-x86_64-debian-gcc | 0.1.2 | 14.52 | 194.52 | 209.04 | OK | |
r-devel-linux-x86_64-fedora-clang | 0.1.2 | 509.19 | OK | |||
r-devel-linux-x86_64-fedora-gcc | 0.1.2 | 495.92 | OK | |||
r-devel-windows-x86_64 | 0.1.2 | 21.00 | 270.00 | 291.00 | OK | |
r-patched-linux-x86_64 | 0.1.2 | 20.70 | 284.75 | 305.45 | OK | |
r-release-linux-x86_64 | 0.1.2 | 19.57 | 282.72 | 302.29 | OK | |
r-release-macos-arm64 | 0.1.2 | 5.00 | ERROR | |||
r-release-macos-x86_64 | 0.1.2 | 8.00 | ERROR | |||
r-release-windows-x86_64 | 0.1.2 | 20.00 | 275.00 | 295.00 | OK | |
r-oldrel-macos-arm64 | 0.1.2 | 14.00 | ERROR | |||
r-oldrel-macos-x86_64 | 0.1.2 | 11.00 | ERROR | |||
r-oldrel-windows-x86_64 | 0.1.2 | 28.00 | 337.00 | 365.00 | OK |
Version: 0.1.2
Check: package dependencies
Result: ERROR
Package required but not available: ‘QSutils’
See section ‘The DESCRIPTION file’ in the ‘Writing R Extensions’
manual.
Flavors: r-release-macos-arm64, r-release-macos-x86_64, r-oldrel-macos-arm64, r-oldrel-macos-x86_64