Last updated on 2024-06-26 15:54:49 CEST.
Flavor | Version | Tinstall | Tcheck | Ttotal | Status | Flags |
---|---|---|---|---|---|---|
r-devel-linux-x86_64-debian-clang | 2.0 | OK | ||||
r-devel-linux-x86_64-debian-gcc | 2.0 | 17.60 | 255.08 | 272.68 | OK | |
r-devel-linux-x86_64-fedora-clang | 2.0 | 479.54 | NOTE | |||
r-devel-linux-x86_64-fedora-gcc | 2.0 | 489.92 | OK | |||
r-devel-windows-x86_64 | 2.0 | 18.00 | 267.00 | 285.00 | NOTE | |
r-patched-linux-x86_64 | 2.0 | 14.15 | 343.70 | 357.85 | OK | |
r-release-linux-x86_64 | 2.0 | 13.51 | 349.10 | 362.61 | OK | |
r-release-macos-arm64 | 2.0 | 110.00 | NOTE | |||
r-release-macos-x86_64 | 2.0 | 182.00 | NOTE | |||
r-release-windows-x86_64 | 2.0 | 18.00 | 271.00 | 289.00 | NOTE | |
r-oldrel-macos-arm64 | 2.0 | 144.00 | NOTE | |||
r-oldrel-macos-x86_64 | 2.0 | 264.00 | NOTE | |||
r-oldrel-windows-x86_64 | 2.0 | 24.00 | 324.00 | 348.00 | NOTE |
Version: 2.0
Check: installed package size
Result: NOTE
installed size is 7.4Mb
sub-directories of 1Mb or more:
doc 6.9Mb
Flavors: r-devel-linux-x86_64-fedora-clang, r-devel-windows-x86_64, r-release-macos-arm64, r-release-macos-x86_64, r-release-windows-x86_64, r-oldrel-macos-arm64, r-oldrel-macos-x86_64, r-oldrel-windows-x86_64