Last updated on 2024-06-26 15:54:49 CEST.
Flavor | Version | Tinstall | Tcheck | Ttotal | Status | Flags |
---|---|---|---|---|---|---|
r-devel-linux-x86_64-debian-clang | 0.1.5.2 | OK | ||||
r-devel-linux-x86_64-debian-gcc | 0.1.5.2 | 60.63 | 88.46 | 149.09 | OK | |
r-devel-linux-x86_64-fedora-clang | 0.1.5.2 | 249.91 | OK | |||
r-devel-linux-x86_64-fedora-gcc | 0.1.5.2 | 261.51 | OK | |||
r-devel-windows-x86_64 | 0.1.5.2 | 60.00 | 116.00 | 176.00 | OK | |
r-patched-linux-x86_64 | 0.1.5.2 | 77.72 | 114.23 | 191.95 | OK | |
r-release-linux-x86_64 | 0.1.5.2 | 57.62 | 111.32 | 168.94 | OK | |
r-release-macos-arm64 | 0.1.5.2 | 56.00 | NOTE | |||
r-release-macos-x86_64 | 0.1.5.2 | 111.00 | NOTE | |||
r-release-windows-x86_64 | 0.1.5.2 | 61.00 | 116.00 | 177.00 | OK | |
r-oldrel-macos-arm64 | 0.1.5.2 | 68.00 | NOTE | |||
r-oldrel-macos-x86_64 | 0.1.5.2 | 114.00 | NOTE | |||
r-oldrel-windows-x86_64 | 0.1.5.2 | 77.00 | 143.00 | 220.00 | OK |
Version: 0.1.5.2
Check: installed package size
Result: NOTE
installed size is 18.9Mb
sub-directories of 1Mb or more:
libs 18.6Mb
Flavors: r-release-macos-arm64, r-release-macos-x86_64, r-oldrel-macos-arm64, r-oldrel-macos-x86_64