Last updated on 2024-08-16 03:49:28 CEST.
Flavor | Version | Tinstall | Tcheck | Ttotal | Status | Flags |
---|---|---|---|---|---|---|
r-devel-linux-x86_64-debian-clang | 0.1.5.2 | 53.52 | 86.18 | 139.70 | OK | |
r-devel-linux-x86_64-debian-gcc | 0.1.5.2 | 41.37 | 69.09 | 110.46 | OK | |
r-devel-linux-x86_64-fedora-clang | 0.1.5.2 | 230.61 | OK | |||
r-devel-linux-x86_64-fedora-gcc | 0.1.5.2 | 246.74 | OK | |||
r-devel-windows-x86_64 | 0.1.5.2 | 55.00 | 116.00 | 171.00 | OK | |
r-patched-linux-x86_64 | 0.1.5.2 | 53.84 | 86.82 | 140.66 | OK | |
r-release-linux-x86_64 | 0.1.5.2 | 56.48 | 88.54 | 145.02 | OK | |
r-release-macos-arm64 | 0.1.5.2 | 56.00 | NOTE | |||
r-release-macos-x86_64 | 0.1.5.2 | 111.00 | NOTE | |||
r-release-windows-x86_64 | 0.1.5.2 | 54.00 | 116.00 | 170.00 | OK | |
r-oldrel-macos-arm64 | 0.1.5.2 | 68.00 | NOTE | |||
r-oldrel-macos-x86_64 | 0.1.5.2 | 114.00 | NOTE | |||
r-oldrel-windows-x86_64 | 0.1.5.2 | 67.00 | 144.00 | 211.00 | OK |
Version: 0.1.5.2
Check: installed package size
Result: NOTE
installed size is 18.9Mb
sub-directories of 1Mb or more:
libs 18.6Mb
Flavors: r-release-macos-arm64, r-release-macos-x86_64, r-oldrel-macos-arm64, r-oldrel-macos-x86_64