Last updated on 2024-08-16 15:49:36 CEST.
Flavor | Version | Tinstall | Tcheck | Ttotal | Status | Flags |
---|---|---|---|---|---|---|
r-devel-linux-x86_64-debian-clang | 1.1.1 | 9.80 | 105.59 | 115.39 | OK | |
r-devel-linux-x86_64-debian-gcc | 1.1.1 | 6.12 | 73.26 | 79.38 | OK | |
r-devel-linux-x86_64-fedora-clang | 1.1.1 | 183.92 | NOTE | |||
r-devel-linux-x86_64-fedora-gcc | 1.1.1 | 283.78 | NOTE | |||
r-devel-windows-x86_64 | 1.1.1 | 10.00 | 116.00 | 126.00 | OK | |
r-patched-linux-x86_64 | 1.1.1 | 8.02 | 100.71 | 108.73 | OK | |
r-release-linux-x86_64 | 1.1.1 | 8.10 | 101.58 | 109.68 | OK | |
r-release-macos-arm64 | 1.1.1 | 99.00 | OK | |||
r-release-macos-x86_64 | 1.1.1 | 194.00 | OK | |||
r-release-windows-x86_64 | 1.1.1 | 10.00 | 117.00 | 127.00 | OK | |
r-oldrel-macos-arm64 | 1.1.1 | 102.00 | OK | |||
r-oldrel-macos-x86_64 | 1.1.1 | 318.00 | OK | |||
r-oldrel-windows-x86_64 | 1.1.1 | 14.00 | 139.00 | 153.00 | OK |
Version: 1.1.1
Check: data for non-ASCII characters
Result: NOTE
Note: found 496 marked UTF-8 strings
Flavors: r-devel-linux-x86_64-fedora-clang, r-devel-linux-x86_64-fedora-gcc