Last updated on 2024-08-16 03:49:28 CEST.
Flavor | Version | Tinstall | Tcheck | Ttotal | Status | Flags |
---|---|---|---|---|---|---|
r-devel-linux-x86_64-debian-clang | 0.6-10 | 8.97 | 85.74 | 94.71 | NOTE | |
r-devel-linux-x86_64-debian-gcc | 0.6-10 | 6.41 | 63.15 | 69.56 | NOTE | |
r-devel-linux-x86_64-fedora-clang | 0.6-10 | 151.54 | OK | |||
r-devel-linux-x86_64-fedora-gcc | 0.6-10 | 154.76 | OK | |||
r-devel-windows-x86_64 | 0.6-10 | 12.00 | 130.00 | 142.00 | NOTE | |
r-patched-linux-x86_64 | 0.6-10 | 15.08 | 81.66 | 96.74 | OK | |
r-release-linux-x86_64 | 0.6-10 | 8.39 | 81.22 | 89.61 | OK | |
r-release-macos-arm64 | 0.6-10 | 53.00 | OK | |||
r-release-macos-x86_64 | 0.6-10 | 87.00 | OK | |||
r-release-windows-x86_64 | 0.6-10 | 12.00 | 128.00 | 140.00 | OK | |
r-oldrel-macos-arm64 | 0.6-10 | 55.00 | OK | |||
r-oldrel-macos-x86_64 | 0.6-10 | 133.00 | OK | |||
r-oldrel-windows-x86_64 | 0.6-10 | 13.00 | 138.00 | 151.00 | OK |
Version: 0.6-10
Check: Rd cross-references
Result: NOTE
Found the following Rd file(s) with Rd \link{} targets missing package
anchors:
neLht-methods.Rd: coef.glht
neLht.Rd: coef.glht
Please provide package anchors for all Rd \link{} targets not in the
package itself and the base packages.
Flavors: r-devel-linux-x86_64-debian-clang, r-devel-linux-x86_64-debian-gcc, r-devel-windows-x86_64