Last updated on 2024-08-16 03:49:28 CEST.
Flavor | Version | Tinstall | Tcheck | Ttotal | Status | Flags |
---|---|---|---|---|---|---|
r-devel-linux-x86_64-debian-clang | 1.1.1 | 3.48 | 105.19 | 108.67 | NOTE | |
r-devel-linux-x86_64-debian-gcc | 1.1.1 | 3.21 | 69.09 | 72.30 | NOTE | |
r-devel-linux-x86_64-fedora-clang | 1.1.1 | 182.23 | NOTE | |||
r-devel-linux-x86_64-fedora-gcc | 1.1.1 | 190.18 | NOTE | |||
r-devel-windows-x86_64 | 1.1.1 | 7.00 | 123.00 | 130.00 | NOTE | |
r-patched-linux-x86_64 | 1.1.1 | 3.83 | 98.94 | 102.77 | NOTE | |
r-release-linux-x86_64 | 1.1.1 | 4.50 | 98.41 | 102.91 | NOTE | |
r-release-macos-arm64 | 1.1.1 | 63.00 | NOTE | |||
r-release-macos-x86_64 | 1.1.1 | 117.00 | NOTE | |||
r-release-windows-x86_64 | 1.1.1 | 7.00 | 123.00 | 130.00 | NOTE | |
r-oldrel-macos-arm64 | 1.1.1 | 59.00 | NOTE | |||
r-oldrel-macos-x86_64 | 1.1.1 | 95.00 | NOTE | |||
r-oldrel-windows-x86_64 | 1.1.1 | 8.00 | 139.00 | 147.00 | NOTE |
Version: 1.1.1
Check: LazyData
Result: NOTE
'LazyData' is specified without a 'data' directory
Flavors: r-devel-linux-x86_64-debian-clang, r-devel-linux-x86_64-debian-gcc, r-devel-linux-x86_64-fedora-clang, r-devel-linux-x86_64-fedora-gcc, r-devel-windows-x86_64, r-patched-linux-x86_64, r-release-linux-x86_64, r-release-macos-arm64, r-release-macos-x86_64, r-release-windows-x86_64, r-oldrel-macos-arm64, r-oldrel-macos-x86_64, r-oldrel-windows-x86_64
Version: 1.1.1
Check: dependencies in R code
Result: NOTE
Namespace in Imports field not imported from: ‘urca’
All declared Imports should be used.
Flavors: r-devel-linux-x86_64-fedora-clang, r-devel-linux-x86_64-fedora-gcc