Last updated on 2024-08-16 15:49:36 CEST.
Flavor | Version | Tinstall | Tcheck | Ttotal | Status | Flags |
---|---|---|---|---|---|---|
r-devel-linux-x86_64-debian-clang | 0.15.0 | 14.85 | 242.19 | 257.04 | NOTE | |
r-devel-linux-x86_64-debian-gcc | 0.15.0 | 10.50 | 171.99 | 182.49 | NOTE | |
r-devel-linux-x86_64-fedora-clang | 0.15.0 | 447.36 | NOTE | |||
r-devel-linux-x86_64-fedora-gcc | 0.15.0 | 428.93 | OK | |||
r-devel-windows-x86_64 | 0.15.0 | 17.00 | 277.00 | 294.00 | NOTE | |
r-patched-linux-x86_64 | 0.15.0 | 19.32 | 244.53 | 263.85 | OK | |
r-release-linux-x86_64 | 0.15.0 | 12.27 | 244.45 | 256.72 | OK | |
r-release-macos-arm64 | 0.15.0 | 115.00 | OK | |||
r-release-macos-x86_64 | 0.15.0 | 200.00 | OK | |||
r-release-windows-x86_64 | 0.15.0 | 20.00 | 278.00 | 298.00 | OK | |
r-oldrel-macos-arm64 | 0.15.0 | 111.00 | OK | |||
r-oldrel-macos-x86_64 | 0.15.0 | 284.00 | OK | |||
r-oldrel-windows-x86_64 | 0.15.0 | 22.00 | 344.00 | 366.00 | OK |
Version: 0.15.0
Check: Rd cross-references
Result: NOTE
Found the following Rd file(s) with Rd \link{} targets missing package
anchors:
EOF.Rd: autoplot
metR.Rd: ggplot2, data.table
Please provide package anchors for all Rd \link{} targets not in the
package itself and the base packages.
Flavors: r-devel-linux-x86_64-debian-clang, r-devel-linux-x86_64-debian-gcc, r-devel-windows-x86_64
Version: 0.15.0
Check: Rd cross-references
Result: NOTE
Undeclared package ‘rlang’ in Rd xrefs
Flavor: r-devel-linux-x86_64-fedora-clang