Last updated on 2024-08-16 15:49:36 CEST.
Flavor | Version | Tinstall | Tcheck | Ttotal | Status | Flags |
---|---|---|---|---|---|---|
r-devel-linux-x86_64-debian-clang | 1.2.2 | 10.34 | 62.03 | 72.37 | OK | |
r-devel-linux-x86_64-debian-gcc | 1.2.2 | 5.48 | 41.48 | 46.96 | OK | |
r-devel-linux-x86_64-fedora-clang | 1.2.2 | 116.00 | NOTE | |||
r-devel-linux-x86_64-fedora-gcc | 1.2.2 | 105.79 | NOTE | |||
r-devel-windows-x86_64 | 1.2.2 | 11.00 | 77.00 | 88.00 | OK | |
r-patched-linux-x86_64 | 1.2.2 | 10.09 | 58.54 | 68.63 | OK | |
r-release-linux-x86_64 | 1.2.2 | 9.46 | 58.54 | 68.00 | OK | |
r-release-macos-arm64 | 1.2.2 | 33.00 | OK | |||
r-release-macos-x86_64 | 1.2.2 | 47.00 | OK | |||
r-release-windows-x86_64 | 1.2.2 | 11.00 | 76.00 | 87.00 | OK | |
r-oldrel-macos-arm64 | 1.2.2 | 36.00 | OK | |||
r-oldrel-macos-x86_64 | 1.2.2 | 56.00 | OK | |||
r-oldrel-windows-x86_64 | 1.2.2 | 14.00 | 92.00 | 106.00 | OK |
Version: 1.2.2
Check: dependencies in R code
Result: NOTE
Namespaces in Imports field not imported from:
‘ade4’ ‘dendextend’ ‘ggforce’ ‘ggrepel’ ‘stringr’ ‘tidyverse’
All declared Imports should be used.
Flavors: r-devel-linux-x86_64-fedora-clang, r-devel-linux-x86_64-fedora-gcc