Last updated on 2024-08-16 03:49:28 CEST.
Flavor | Version | Tinstall | Tcheck | Ttotal | Status | Flags |
---|---|---|---|---|---|---|
r-devel-linux-x86_64-debian-clang | 2.0.2 | 28.08 | 392.44 | 420.52 | NOTE | |
r-devel-linux-x86_64-debian-gcc | 2.0.2 | 17.80 | 241.94 | 259.74 | NOTE | |
r-devel-linux-x86_64-fedora-clang | 2.0.2 | 679.29 | NOTE | |||
r-devel-linux-x86_64-fedora-gcc | 2.0.2 | 654.38 | NOTE | |||
r-devel-windows-x86_64 | 2.0.2 | 28.00 | 313.00 | 341.00 | NOTE | |
r-patched-linux-x86_64 | 2.0.2 | 24.24 | 366.37 | 390.61 | NOTE | |
r-release-linux-x86_64 | 2.0.2 | 25.19 | 368.32 | 393.51 | NOTE | |
r-release-macos-arm64 | 2.0.2 | 144.00 | NOTE | |||
r-release-macos-x86_64 | 2.0.2 | 249.00 | NOTE | |||
r-release-windows-x86_64 | 2.0.2 | 27.00 | 310.00 | 337.00 | NOTE | |
r-oldrel-macos-arm64 | 2.0.2 | 176.00 | NOTE | |||
r-oldrel-macos-x86_64 | 2.0.2 | 291.00 | NOTE | |||
r-oldrel-windows-x86_64 | 2.0.2 | 38.00 | 422.00 | 460.00 | NOTE |
Version: 2.0.2
Check: LazyData
Result: NOTE
'LazyData' is specified without a 'data' directory
Flavors: r-devel-linux-x86_64-debian-clang, r-devel-linux-x86_64-debian-gcc, r-devel-linux-x86_64-fedora-clang, r-devel-linux-x86_64-fedora-gcc, r-devel-windows-x86_64, r-patched-linux-x86_64, r-release-linux-x86_64, r-release-macos-arm64, r-release-macos-x86_64, r-release-windows-x86_64, r-oldrel-macos-arm64, r-oldrel-macos-x86_64, r-oldrel-windows-x86_64
Version: 2.0.2
Check: dependencies in R code
Result: NOTE
Namespaces in Imports field not imported from:
‘boot’ ‘energy’
All declared Imports should be used.
Flavors: r-devel-linux-x86_64-fedora-clang, r-devel-linux-x86_64-fedora-gcc