Last updated on 2024-08-16 15:49:36 CEST.
Flavor | Version | Tinstall | Tcheck | Ttotal | Status | Flags |
---|---|---|---|---|---|---|
r-devel-linux-x86_64-debian-clang | 0.1.11 | 17.77 | 264.35 | 282.12 | NOTE | |
r-devel-linux-x86_64-debian-gcc | 0.1.11 | 14.24 | 189.24 | 203.48 | NOTE | |
r-devel-linux-x86_64-fedora-clang | 0.1.11 | 462.10 | OK | |||
r-devel-linux-x86_64-fedora-gcc | 0.1.11 | 458.65 | OK | |||
r-devel-windows-x86_64 | 0.1.11 | 19.00 | 337.00 | 356.00 | NOTE | |
r-patched-linux-x86_64 | 0.1.11 | 27.31 | 253.70 | 281.01 | OK | |
r-release-linux-x86_64 | 0.1.11 | 15.47 | 257.22 | 272.69 | OK | |
r-release-macos-arm64 | 0.1.11 | 124.00 | OK | |||
r-release-macos-x86_64 | 0.1.11 | 176.00 | OK | |||
r-release-windows-x86_64 | 0.1.11 | 21.00 | 329.00 | 350.00 | OK | |
r-oldrel-macos-arm64 | 0.1.11 | 124.00 | OK | |||
r-oldrel-macos-x86_64 | 0.1.11 | 271.00 | OK | |||
r-oldrel-windows-x86_64 | 0.1.11 | 27.00 | 417.00 | 444.00 | OK |
Version: 0.1.11
Check: Rd cross-references
Result: NOTE
Found the following Rd file(s) with Rd \link{} targets missing package
anchors:
getViz.Rd: predict.gam
plot.gamViz.Rd: plot.gam
plot.mgamViz.Rd: mqgam
postSim.Rd: predict.gam, gaulss, vcov.gam
simulate.gam.Rd: predict.gam, gaulss
Please provide package anchors for all Rd \link{} targets not in the
package itself and the base packages.
Flavors: r-devel-linux-x86_64-debian-clang, r-devel-linux-x86_64-debian-gcc, r-devel-windows-x86_64