Last updated on 2024-07-12 02:51:15 CEST.
Flavor | Version | Tinstall | Tcheck | Ttotal | Status | Flags |
---|---|---|---|---|---|---|
r-devel-linux-x86_64-debian-clang | 1.9-1 | 106.88 | 523.66 | 630.54 | OK | |
r-devel-linux-x86_64-debian-gcc | 1.9-1 | 84.71 | 362.74 | 447.45 | OK | |
r-devel-linux-x86_64-fedora-clang | 1.9-1 | 749.58 | OK | |||
r-devel-linux-x86_64-fedora-gcc | 1.9-1 | 754.48 | OK | |||
r-devel-windows-x86_64 | 1.9-1 | 95.00 | 375.00 | 470.00 | OK | |
r-patched-linux-x86_64 | 1.9-1 | 108.33 | 466.85 | 575.18 | OK | |
r-release-linux-x86_64 | 1.9-1 | 96.51 | 503.38 | 599.89 | OK | |
r-release-macos-arm64 | 1.9-1 | 193.00 | OK | |||
r-release-macos-x86_64 | 1.9-1 | 303.00 | NOTE | |||
r-release-windows-x86_64 | 1.9-1 | 95.00 | 378.00 | 473.00 | OK | |
r-oldrel-macos-arm64 | 1.9-1 | 194.00 | OK | |||
r-oldrel-macos-x86_64 | 1.9-1 | 424.00 | NOTE | |||
r-oldrel-windows-x86_64 | 1.9-1 | 116.00 | 463.00 | 579.00 | OK |
Version: 1.9-1
Check: installed package size
Result: NOTE
installed size is 5.3Mb
sub-directories of 1Mb or more:
R 2.0Mb
libs 2.1Mb
Flavors: r-release-macos-x86_64, r-oldrel-macos-x86_64