Last updated on 2024-08-16 15:49:36 CEST.
Flavor | Version | Tinstall | Tcheck | Ttotal | Status | Flags |
---|---|---|---|---|---|---|
r-devel-linux-x86_64-debian-clang | 2.2.2 | 25.28 | 412.23 | 437.51 | NOTE | |
r-devel-linux-x86_64-debian-gcc | 2.2.2 | 16.23 | 293.76 | 309.99 | NOTE | |
r-devel-linux-x86_64-fedora-clang | 2.2.2 | 807.08 | OK | |||
r-devel-linux-x86_64-fedora-gcc | 2.2.2 | 694.98 | OK | |||
r-devel-windows-x86_64 | 2.2.2 | 27.00 | 411.00 | 438.00 | NOTE | |
r-patched-linux-x86_64 | 2.2.2 | 28.53 | 362.19 | 390.72 | OK | |
r-release-linux-x86_64 | 2.2.2 | 21.21 | 421.17 | 442.38 | OK | |
r-release-macos-arm64 | 2.2.2 | 229.00 | OK | |||
r-release-macos-x86_64 | 2.2.2 | 260.00 | OK | |||
r-release-windows-x86_64 | 2.2.2 | 28.00 | 363.00 | 391.00 | OK | |
r-oldrel-macos-arm64 | 2.2.2 | 175.00 | OK | |||
r-oldrel-macos-x86_64 | 2.2.2 | 451.00 | OK | |||
r-oldrel-windows-x86_64 | 2.2.2 | 37.00 | 802.00 | 839.00 | OK |
Version: 2.2.2
Check: Rd cross-references
Result: NOTE
Found the following Rd file(s) with Rd \link{} targets missing package
anchors:
MonteCarlo.Rd: foreach
Please provide package anchors for all Rd \link{} targets not in the
package itself and the base packages.
Flavors: r-devel-linux-x86_64-debian-clang, r-devel-linux-x86_64-debian-gcc, r-devel-windows-x86_64