Last updated on 2024-08-16 15:49:36 CEST.
Flavor | Version | Tinstall | Tcheck | Ttotal | Status | Flags |
---|---|---|---|---|---|---|
r-devel-linux-x86_64-debian-clang | 0.0.4 | 12.57 | 159.95 | 172.52 | OK | |
r-devel-linux-x86_64-debian-gcc | 0.0.4 | 7.92 | 141.55 | 149.47 | OK | |
r-devel-linux-x86_64-fedora-clang | 0.0.4 | 305.81 | OK | |||
r-devel-linux-x86_64-fedora-gcc | 0.0.4 | 342.64 | OK | |||
r-devel-windows-x86_64 | 0.0.4 | 12.00 | 300.00 | 312.00 | OK | |
r-patched-linux-x86_64 | 0.0.4 | 12.98 | 196.66 | 209.64 | OK | |
r-release-linux-x86_64 | 0.0.4 | 11.52 | 196.72 | 208.24 | OK | |
r-release-macos-arm64 | 0.0.4 | 208.00 | OK | |||
r-release-macos-x86_64 | 0.0.4 | 361.00 | OK | |||
r-release-windows-x86_64 | 0.0.4 | 12.00 | 303.00 | 315.00 | OK | |
r-oldrel-macos-arm64 | 0.0.4 | 359.00 | ERROR | |||
r-oldrel-macos-x86_64 | 0.0.4 | 617.00 | ERROR | |||
r-oldrel-windows-x86_64 | 0.0.4 | 16.00 | 405.00 | 421.00 | OK |
Version: 0.0.4
Check: running R code from vignettes
Result: ERROR
Errors in running code in vignettes:
when running code in ‘mlexperiments_rpart_regression.qmd’
...
> preds_rpart <- mlexperiments::predictions(object = validator,
+ newdata = test_x)
> preds_lm <- mlexperiments::predictions(object = validator_lm,
+ newdata = test_x)
When sourcing ‘mlexperiments_rpart_regression.R’:
Error: variable 'chas' was fitted with type "numeric" but type "factor" was supplied
Execution halted
‘mlexperiments_knn_binary.qmd’ using ‘UTF-8’... [3s/10s] OK
‘mlexperiments_knn_multiclass.qmd’ using ‘UTF-8’... [26s/45s] OK
‘mlexperiments_rpart_binary.qmd’ using ‘UTF-8’... [4s/14s] OK
‘mlexperiments_rpart_multiclass.qmd’ using ‘UTF-8’... [48s/75s] OK
‘mlexperiments_rpart_regression.qmd’ using ‘UTF-8’... failed
‘mlexperiments_starter.qmd’ using ‘UTF-8’... [33s/50s] OK
Flavor: r-oldrel-macos-arm64
Version: 0.0.4
Check: running R code from vignettes
Result: ERROR
Errors in running code in vignettes:
when running code in ‘mlexperiments_rpart_regression.qmd’
...
> preds_rpart <- mlexperiments::predictions(object = validator,
+ newdata = test_x)
> preds_lm <- mlexperiments::predictions(object = validator_lm,
+ newdata = test_x)
When sourcing ‘mlexperiments_rpart_regression.R’:
Error: variable 'chas' was fitted with type "numeric" but type "factor" was supplied
Execution halted
‘mlexperiments_knn_binary.qmd’ using ‘UTF-8’... [4s/20s] OK
‘mlexperiments_knn_multiclass.qmd’ using ‘UTF-8’... [38s/86s] OK
‘mlexperiments_rpart_binary.qmd’ using ‘UTF-8’... [5s/23s] OK
‘mlexperiments_rpart_multiclass.qmd’ using ‘UTF-8’... [59s/95s] OK
‘mlexperiments_rpart_regression.qmd’ using ‘UTF-8’... failed
‘mlexperiments_starter.qmd’ using ‘UTF-8’... [49s/77s] OK
Flavor: r-oldrel-macos-x86_64