Last updated on 2024-05-13 03:49:37 CEST.
Flavor | Version | Tinstall | Tcheck | Ttotal | Status | Flags |
---|---|---|---|---|---|---|
r-devel-linux-x86_64-debian-clang | 2.19.1 | 39.51 | 283.49 | 323.00 | NOTE | |
r-devel-linux-x86_64-debian-gcc | 2.19.1 | 35.29 | 222.30 | 257.59 | NOTE | |
r-devel-linux-x86_64-fedora-clang | 2.19.1 | 472.86 | NOTE | |||
r-devel-linux-x86_64-fedora-gcc | 2.19.1 | 453.14 | NOTE | |||
r-devel-windows-x86_64 | 2.19.1 | 38.00 | 272.00 | 310.00 | NOTE | |
r-patched-linux-x86_64 | 2.19.1 | 55.36 | 296.95 | 352.31 | NOTE | |
r-release-linux-x86_64 | 2.19.1 | 32.04 | 290.23 | 322.27 | NOTE | |
r-release-macos-arm64 | 2.19.1 | 116.00 | NOTE | |||
r-release-windows-x86_64 | 2.19.1 | 42.00 | 276.00 | 318.00 | NOTE | |
r-oldrel-macos-arm64 | 2.19.1 | 123.00 | NOTE | |||
r-oldrel-macos-x86_64 | 2.19.1 | 254.00 | NOTE | |||
r-oldrel-windows-x86_64 | 2.19.1 | 50.00 | 350.00 | 400.00 | OK |
Version: 2.19.1
Check: package dependencies
Result: NOTE
Package suggested but not available for checking: ‘SwarmSVM’
Flavors: r-devel-linux-x86_64-debian-clang, r-devel-linux-x86_64-debian-gcc, r-devel-linux-x86_64-fedora-clang, r-devel-linux-x86_64-fedora-gcc, r-patched-linux-x86_64, r-release-linux-x86_64
Version: 2.19.1
Check: Rd files
Result: NOTE
checkRd: (-1) aggregations.Rd:30: Lost braces in \itemize; meant \describe ?
checkRd: (-1) aggregations.Rd:31: Lost braces in \itemize; meant \describe ?
checkRd: (-1) aggregations.Rd:32: Lost braces in \itemize; meant \describe ?
checkRd: (-1) aggregations.Rd:33: Lost braces in \itemize; meant \describe ?
checkRd: (-1) aggregations.Rd:34: Lost braces in \itemize; meant \describe ?
checkRd: (-1) aggregations.Rd:35: Lost braces in \itemize; meant \describe ?
checkRd: (-1) aggregations.Rd:36: Lost braces in \itemize; meant \describe ?
checkRd: (-1) aggregations.Rd:37: Lost braces in \itemize; meant \describe ?
checkRd: (-1) aggregations.Rd:38: Lost braces in \itemize; meant \describe ?
checkRd: (-1) aggregations.Rd:39: Lost braces in \itemize; meant \describe ?
checkRd: (-1) aggregations.Rd:40: Lost braces in \itemize; meant \describe ?
checkRd: (-1) aggregations.Rd:41: Lost braces in \itemize; meant \describe ?
checkRd: (-1) aggregations.Rd:42: Lost braces in \itemize; meant \describe ?
checkRd: (-1) aggregations.Rd:43: Lost braces in \itemize; meant \describe ?
checkRd: (-1) aggregations.Rd:44-46: Lost braces in \itemize; meant \describe ?
checkRd: (-1) aggregations.Rd:47-49: Lost braces in \itemize; meant \describe ?
checkRd: (-1) aggregations.Rd:50-54: Lost braces in \itemize; meant \describe ?
Flavors: r-devel-linux-x86_64-debian-clang, r-devel-linux-x86_64-debian-gcc, r-devel-linux-x86_64-fedora-clang, r-devel-linux-x86_64-fedora-gcc, r-devel-windows-x86_64, r-patched-linux-x86_64, r-release-linux-x86_64, r-release-macos-arm64, r-release-windows-x86_64
Version: 2.19.1
Check: installed package size
Result: NOTE
installed size is 5.0Mb
sub-directories of 1Mb or more:
R 1.4Mb
data 2.3Mb
Flavors: r-devel-linux-x86_64-fedora-clang, r-release-macos-arm64, r-oldrel-macos-arm64, r-oldrel-macos-x86_64
Version: 2.19.1
Check: package dependencies
Result: NOTE
Packages suggested but not available for checking: 'Rmpi', 'SwarmSVM'
Flavor: r-release-macos-arm64
Version: 2.19.1
Check: package dependencies
Result: NOTE
Package suggested but not available for checking: ‘Rmpi’
Flavors: r-oldrel-macos-arm64, r-oldrel-macos-x86_64