Last updated on 2024-08-16 15:49:36 CEST.
Flavor | Version | Tinstall | Tcheck | Ttotal | Status | Flags |
---|---|---|---|---|---|---|
r-devel-linux-x86_64-debian-clang | 0.7.0 | 10.82 | 137.96 | 148.78 | OK | |
r-devel-linux-x86_64-debian-gcc | 0.7.0 | 6.95 | 94.48 | 101.43 | OK | |
r-devel-linux-x86_64-fedora-clang | 0.7.0 | 234.96 | OK | |||
r-devel-linux-x86_64-fedora-gcc | 0.7.0 | 221.51 | OK | |||
r-devel-windows-x86_64 | 0.7.0 | 12.00 | 148.00 | 160.00 | OK | |
r-patched-linux-x86_64 | 0.7.0 | 12.15 | 126.48 | 138.63 | OK | |
r-release-linux-x86_64 | 0.7.0 | 9.48 | 133.04 | 142.52 | OK | |
r-release-macos-arm64 | 0.7.0 | 70.00 | OK | |||
r-release-macos-x86_64 | 0.7.0 | 154.00 | OK | |||
r-release-windows-x86_64 | 0.7.0 | 12.00 | 149.00 | 161.00 | OK | |
r-oldrel-macos-arm64 | 0.7.0 | 11.00 | ERROR | |||
r-oldrel-macos-x86_64 | 0.7.0 | 10.00 | ERROR | |||
r-oldrel-windows-x86_64 | 0.7.0 | 14.00 | 198.00 | 212.00 | OK |
Version: 0.7.0
Check: package dependencies
Result: ERROR
Packages required and available but unsuitable versions: 'mlr3', 'paradox'
See section ‘The DESCRIPTION file’ in the ‘Writing R Extensions’
manual.
Flavors: r-oldrel-macos-arm64, r-oldrel-macos-x86_64