Last updated on 2024-07-12 02:51:15 CEST.
Flavor | Version | Tinstall | Tcheck | Ttotal | Status | Flags |
---|---|---|---|---|---|---|
r-devel-linux-x86_64-debian-clang | 0.1.0 | 5.85 | 63.39 | 69.24 | OK | |
r-devel-linux-x86_64-debian-gcc | 0.1.0 | 4.17 | 45.68 | 49.85 | OK | |
r-devel-linux-x86_64-fedora-clang | 0.1.0 | 91.11 | NOTE | |||
r-devel-linux-x86_64-fedora-gcc | 0.1.0 | 77.19 | OK | |||
r-devel-windows-x86_64 | 0.1.0 | 6.00 | 65.00 | 71.00 | OK | |
r-patched-linux-x86_64 | 0.1.0 | 4.63 | 58.90 | 63.53 | OK | |
r-release-linux-x86_64 | 0.1.0 | 5.51 | 60.68 | 66.19 | OK | |
r-release-macos-arm64 | 0.1.0 | 28.00 | OK | |||
r-release-macos-x86_64 | 0.1.0 | 44.00 | OK | |||
r-release-windows-x86_64 | 0.1.0 | 6.00 | 65.00 | 71.00 | OK | |
r-oldrel-macos-arm64 | 0.1.0 | 35.00 | OK | |||
r-oldrel-macos-x86_64 | 0.1.0 | 49.00 | OK | |||
r-oldrel-windows-x86_64 | 0.1.0 | 7.00 | 79.00 | 86.00 | OK |
Version: 0.1.0
Check: Rd cross-references
Result: NOTE
Undeclared package ‘future’ in Rd xrefs
Flavor: r-devel-linux-x86_64-fedora-clang